{"id":6616,"date":"2025-06-16T11:30:58","date_gmt":"2025-06-16T11:30:58","guid":{"rendered":"https:\/\/siokorhaz.hu\/?page_id=6616"},"modified":"2025-06-16T11:30:58","modified_gmt":"2025-06-16T11:30:58","slug":"panaszkezeles","status":"publish","type":"page","link":"https:\/\/siokorhaz.hu\/?page_id=6616","title":{"rendered":"Panaszkezel\u00e9s"},"content":{"rendered":"\n<div data-wp-interactive=\"core\/file\" class=\"wp-block-file\"><object data-wp-bind--hidden=\"!state.hasPdfPreview\" hidden class=\"wp-block-file__embed\" data=\"https:\/\/siokorhaz.hu\/wp-content\/uploads\/2025\/06\/Betegek-es-hozzatartozoikkak-panaszainak-kivizsgalasarol-es-a-betegjogi-kepviselorol-szolo-szabalyzat_kiadas-1.pdf\" type=\"application\/pdf\" style=\"width:100%;height:600px\" aria-label=\"Betegek \u00e9s hozz\u00e1tartoz\u00f3ikkak panaszainak kivizsg\u00e1l\u00e1s\u00e1r\u00f3l \u00e9s a betegjogi k\u00e9pvisel\u0151r\u0151l sz\u00f3l\u00f3 szab\u00e1lyzat_kiad\u00e1s 1 be\u00e1gyaz\u00e1sa\"><\/object><a id=\"wp-block-file--media-4a4cf0ed-eecd-4947-a139-6e07eced63e9\" href=\"https:\/\/siokorhaz.hu\/wp-content\/uploads\/2025\/06\/Betegek-es-hozzatartozoikkak-panaszainak-kivizsgalasarol-es-a-betegjogi-kepviselorol-szolo-szabalyzat_kiadas-1.pdf\">Betegek \u00e9s hozz\u00e1tartoz\u00f3ikkak panaszainak kivizsg\u00e1l\u00e1s\u00e1r\u00f3l \u00e9s a betegjogi k\u00e9pvisel\u0151r\u0151l sz\u00f3l\u00f3 szab\u00e1lyzat_kiad\u00e1s 1<\/a><a href=\"https:\/\/siokorhaz.hu\/wp-content\/uploads\/2025\/06\/Betegek-es-hozzatartozoikkak-panaszainak-kivizsgalasarol-es-a-betegjogi-kepviselorol-szolo-szabalyzat_kiadas-1.pdf\" class=\"wp-block-file__button wp-element-button\" download aria-describedby=\"wp-block-file--media-4a4cf0ed-eecd-4947-a139-6e07eced63e9\">Let\u00f6lt\u00e9s<\/a><\/div>\n","protected":false},"excerpt":{"rendered":"","protected":false},"author":1,"featured_media":0,"parent":0,"menu_order":0,"comment_status":"closed","ping_status":"closed","template":"","meta":{"_genesis_hide_title":false,"_genesis_hide_breadcrumbs":false,"_genesis_hide_singular_image":false,"_genesis_hide_footer_widgets":false,"_genesis_custom_body_class":"","_genesis_custom_post_class":"","_genesis_layout":"","footnotes":""},"class_list":{"0":"post-6616","1":"page","2":"type-page","3":"status-publish","5":"entry"},"featured_image_src":null,"featured_image_src_square":null,"_links":{"self":[{"href":"https:\/\/siokorhaz.hu\/index.php?rest_route=\/wp\/v2\/pages\/6616","targetHints":{"allow":["GET"]}}],"collection":[{"href":"https:\/\/siokorhaz.hu\/index.php?rest_route=\/wp\/v2\/pages"}],"about":[{"href":"https:\/\/siokorhaz.hu\/index.php?rest_route=\/wp\/v2\/types\/page"}],"author":[{"embeddable":true,"href":"https:\/\/siokorhaz.hu\/index.php?rest_route=\/wp\/v2\/users\/1"}],"replies":[{"embeddable":true,"href":"https:\/\/siokorhaz.hu\/index.php?rest_route=%2Fwp%2Fv2%2Fcomments&post=6616"}],"version-history":[{"count":1,"href":"https:\/\/siokorhaz.hu\/index.php?rest_route=\/wp\/v2\/pages\/6616\/revisions"}],"predecessor-version":[{"id":6623,"href":"https:\/\/siokorhaz.hu\/index.php?rest_route=\/wp\/v2\/pages\/6616\/revisions\/6623"}],"wp:attachment":[{"href":"https:\/\/siokorhaz.hu\/index.php?rest_route=%2Fwp%2Fv2%2Fmedia&parent=6616"}],"curies":[{"name":"wp","href":"https:\/\/api.w.org\/{rel}","templated":true}]}}