{"id":5805,"date":"2025-03-31T10:46:15","date_gmt":"2025-03-31T08:46:15","guid":{"rendered":"https:\/\/siokorhaz.hu\/?page_id=5805"},"modified":"2025-03-31T10:46:15","modified_gmt":"2025-03-31T08:46:15","slug":"muszaki-osztaly","status":"publish","type":"page","link":"https:\/\/siokorhaz.hu\/?page_id=5805","title":{"rendered":"M\u0171szaki oszt\u00e1ly"},"content":{"rendered":"<p>A Si\u00f3foki k\u00f3rh\u00e1zban m\u0171k\u00f6d\u0151 L\u00e9tes\u00edtm\u00e9nyell\u00e1t\u00e1si oszt\u00e1ly munkat\u00e1rsai biztos\u00edtj\u00e1k a zavartalan betegell\u00e1t\u00e1shoz sz\u00fcks\u00e9ges orvosi eszk\u00f6z\u00f6k, g\u00e9pek \u00e9s mobili\u00e1k beszerz\u00e9s\u00e9t, karbantart\u00e1s\u00e1t \u00e9s fel\u00fclvizsg\u00e1lat\u00e1t.<\/p>\n<p>Az oszt\u00e1ly a 4\/2009. (III.17.) E\u00fcM rendelet alapj\u00e1n megszervezi \u00e9s elv\u00e9gezteti az orvosi eszk\u00f6z\u00f6k kalibr\u00e1l\u00e1s\u00e1t, illetve hiteles\u00edt\u00e9s\u00e9t.<\/p>\n<p>Az oszt\u00e1ly folyamatosan fejl\u0151dik, melynek eredm\u00e9nye, hogy \u00f6n\u00e1ll\u00f3an, helyben m\u00e9r\u00e9stechnikai \u00e9s szab\u00e1lyoz\u00e1si feladatokat tud ell\u00e1tni.<\/p>\n<p>Az oszt\u00e1ly hat\u00e1sk\u00f6r\u00e9be tartozik az orvosi g\u00e1zh\u00e1l\u00f3zat folyamatos fel\u00fcgyelete, jav\u00edt\u00e1sa, illetve jav\u00edttat\u00e1sa, hogy az mindig magas \u00fczembiztons\u00e1ggal \u00e1lljon rendelkez\u00e9sre a gy\u00f3gy\u00edt\u00e1s sor\u00e1n.<\/p>\n<p>Koll\u00e9g\u00e1ink rendszeres k\u00e9pz\u00e9seken vesznek r\u00e9szt, mellyel hozz\u00e1j\u00e1rulnak a betegell\u00e1t\u00e1si folyamatok zavartalans\u00e1g\u00e1nak biztos\u00edt\u00e1s\u00e1hoz.<\/p>\n<p>A L\u00e9tes\u00edtm\u00e9nyell\u00e1t\u00f3 oszt\u00e1ly si\u00f3foki telephely\u00e9nek munkav\u00e1llal\u00f3i elk\u00f6telezettek a k\u00f3rh\u00e1z \u201e<em>Min\u0151s\u00e9gpolitikai \u00e9s Misszi\u00f3s Nyilatkozat\u201d<\/em>-\u00e1ban foglaltaknak. A szakemberek a tud\u00e1sukkal hozz\u00e1j\u00e1rulnak a min\u0151s\u00e9gir\u00e1ny\u00edt\u00e1si rendszer m\u0171k\u00f6d\u00e9s\u00e9hez \u00e9s folyamatos fejleszt\u00e9s\u00e9hez.<\/p>\n<p>&nbsp;<\/p>\n","protected":false},"excerpt":{"rendered":"<p>A Si\u00f3foki k\u00f3rh\u00e1zban m\u0171k\u00f6d\u0151 L\u00e9tes\u00edtm\u00e9nyell\u00e1t\u00e1si oszt\u00e1ly munkat\u00e1rsai biztos\u00edtj\u00e1k a zavartalan betegell\u00e1t\u00e1shoz sz\u00fcks\u00e9ges orvosi eszk\u00f6z\u00f6k, g\u00e9pek \u00e9s mobili\u00e1k beszerz\u00e9s\u00e9t, karbantart\u00e1s\u00e1t \u00e9s fel\u00fclvizsg\u00e1lat\u00e1t. Az oszt\u00e1ly a 4\/2009. (III.17.) E\u00fcM rendelet alapj\u00e1n megszervezi \u00e9s elv\u00e9gezteti az orvosi eszk\u00f6z\u00f6k kalibr\u00e1l\u00e1s\u00e1t, illetve hiteles\u00edt\u00e9s\u00e9t. Az oszt\u00e1ly folyamatosan fejl\u0151dik, melynek eredm\u00e9nye, hogy \u00f6n\u00e1ll\u00f3an, helyben m\u00e9r\u00e9stechnikai \u00e9s szab\u00e1lyoz\u00e1si feladatokat tud ell\u00e1tni. Az oszt\u00e1ly [&hellip;]<\/p>\n","protected":false},"author":1,"featured_media":0,"parent":0,"menu_order":0,"comment_status":"closed","ping_status":"closed","template":"","meta":{"_genesis_hide_title":false,"_genesis_hide_breadcrumbs":false,"_genesis_hide_singular_image":false,"_genesis_hide_footer_widgets":false,"_genesis_custom_body_class":"","_genesis_custom_post_class":"","_genesis_layout":"","footnotes":""},"class_list":{"0":"post-5805","1":"page","2":"type-page","3":"status-publish","5":"entry"},"featured_image_src":null,"featured_image_src_square":null,"_links":{"self":[{"href":"https:\/\/siokorhaz.hu\/index.php?rest_route=\/wp\/v2\/pages\/5805","targetHints":{"allow":["GET"]}}],"collection":[{"href":"https:\/\/siokorhaz.hu\/index.php?rest_route=\/wp\/v2\/pages"}],"about":[{"href":"https:\/\/siokorhaz.hu\/index.php?rest_route=\/wp\/v2\/types\/page"}],"author":[{"embeddable":true,"href":"https:\/\/siokorhaz.hu\/index.php?rest_route=\/wp\/v2\/users\/1"}],"replies":[{"embeddable":true,"href":"https:\/\/siokorhaz.hu\/index.php?rest_route=%2Fwp%2Fv2%2Fcomments&post=5805"}],"version-history":[{"count":0,"href":"https:\/\/siokorhaz.hu\/index.php?rest_route=\/wp\/v2\/pages\/5805\/revisions"}],"wp:attachment":[{"href":"https:\/\/siokorhaz.hu\/index.php?rest_route=%2Fwp%2Fv2%2Fmedia&parent=5805"}],"curies":[{"name":"wp","href":"https:\/\/api.w.org\/{rel}","templated":true}]}}