{"id":4311,"date":"2025-02-04T13:07:55","date_gmt":"2025-02-04T12:07:55","guid":{"rendered":"http:\/\/169.254.1.50\/?page_id=4311"},"modified":"2025-06-16T19:22:12","modified_gmt":"2025-06-16T19:22:12","slug":"nogyogyaszati-ultrahang","status":"publish","type":"page","link":"https:\/\/siokorhaz.hu\/?page_id=4311","title":{"rendered":"N\u0151gy\u00f3gy\u00e1szati ultrahang"},"content":{"rendered":"<p>A szakrendel\u00e9sen megjelen\u00e9s beutal\u00f3val, megjelen\u00e9s\u00a0el\u00f5tt k\u00e9rj\u00fck\u00a0k\u00e9rjen id\u00f5pontot az inform\u00e1ci\u00f3n szem\u00e9lyesen, vagy a\u00a084\/501-793 telefonsz\u00e1mon!<\/p>\n<p>Rendel\u00e9si id\u00f5:<\/p>\n<table border=\"0\" width=\"390\" cellspacing=\"0\" cellpadding=\"0\">\n<tbody>\n<tr>\n<td>\u00a0<\/td>\n<td>h\u00e9tf\u0151t\u0151l-cs\u00fct\u00f6rt\u00f6kig<\/td>\n<td>8:30-10:00, 12:30-14:00<\/td>\n<\/tr>\n<\/tbody>\n<\/table>\n<p>\n\n\n<\/p>\n<p class=\"has-text-align-center\"><strong>Rendel\u0151 orvosaink<\/strong><\/p>\n<p>\n\n\n\n<figure class=\"wp-block-table\"><table class=\"has-fixed-layout\"><thead><tr><th>h\u00e9tf\u0151<\/th><th>kedd<\/th><th>szerda<\/th><th>cs\u00fct\u00f6rt\u00f6k<\/th><th>p\u00e9ntek<\/th><\/tr><\/thead><tbody><tr><td>\u00a0Dr. Szab\u00f3 Imre<\/td><td>\u00a0Dr. Szab\u00f3 Imre<\/td><td>\u00a0Dr. Szab\u00f3 Imre<\/td><td>\u00a0Dr. Szab\u00f3 Imre<\/td><td>&nbsp;<\/td><\/tr><\/tbody><\/table><\/figure>\n\n\n<\/p>\n\n\n<div style=\"color:#ddd\" class=\"wp-block-genesis-blocks-gb-spacer gb-block-spacer gb-divider-solid gb-divider-size-1\"><hr style=\"height:30px\"\/><\/div>\n\n\n\n<div style=\"color:#32373c;background-color:#00d1b2\" class=\"wp-block-genesis-blocks-gb-notice gb-font-size-18 gb-block-notice\" data-id=\"5e5432\"><div class=\"gb-notice-text\" style=\"border-color:#00d1b2\"><div data-post-id=\"5123\" class=\"insert-page insert-page-5123 \"><h2>N\u0151gy\u00f3gy\u00e1szati ultrahang<\/h2>\t\t\t\t\n\t\t\t\t\t\t\t\t\t\t\t\t\t\t\t<img loading=\"lazy\" decoding=\"async\" width=\"1024\" height=\"724\" src=\"https:\/\/siokorhaz.hu\/wp-content\/uploads\/2025\/01\/korhaz_epuletek-1024x724.png\" alt=\"\" srcset=\"https:\/\/siokorhaz.hu\/wp-content\/uploads\/2025\/01\/korhaz_epuletek-1024x724.png 1024w, https:\/\/siokorhaz.hu\/wp-content\/uploads\/2025\/01\/korhaz_epuletek-300x212.png 300w, https:\/\/siokorhaz.hu\/wp-content\/uploads\/2025\/01\/korhaz_epuletek-768x543.png 768w, https:\/\/siokorhaz.hu\/wp-content\/uploads\/2025\/01\/korhaz_epuletek-750x530.png 750w, https:\/\/siokorhaz.hu\/wp-content\/uploads\/2025\/01\/korhaz_epuletek-540x382.png 540w, https:\/\/siokorhaz.hu\/wp-content\/uploads\/2025\/01\/korhaz_epuletek.png 1110w\" sizes=\"auto, (max-width: 1024px) 100vw, 1024px\" \/>\t\t\t\t\t\t\t\t\t\t\t\t\t\t\t\n\t\t<table><thead><tr><th colspan=\"2\">RENDEL\u00c9SI ID\u0150<\/th><\/tr><\/thead><tbody><tr><td>H\u00c9TF\u0150<\/td><td>8<sup>30<\/sup> &#8211; 10<sup>00 <\/sup>, 12<sup>30<\/sup> &#8211; 14<sup>00<\/sup><\/td><\/tr><tr><td>KEDD<\/td><td>8<sup>30<\/sup> &#8211; 10<sup>00 <\/sup>, 12<sup>30<\/sup> &#8211; 14<sup>00<\/sup><\/td><\/tr><tr><td>SZERDA<\/td><td>8<sup>30<\/sup> &#8211; 10<sup>00 <\/sup>, 12<sup>30<\/sup> &#8211; 14<sup>00<\/sup><\/td><\/tr><tr><td>CS\u00dcT\u00d6RT\u00d6K<\/td><td>8<sup>30<\/sup> &#8211; 10<sup>00 <\/sup>, 12<sup>30<\/sup> &#8211; 14<sup>00<\/sup><\/td><\/tr><tr><td>P\u00c9NTEK<\/td><td>&#8211;<\/td><\/tr><\/tbody><\/table><p style=\"text-align: center;\"><a href=\"#\">Rendel\u00e9s Helye<br \/>E \u00e9p\u00fclet f\u00f6ldszint<\/a><\/p><p style=\"text-align: center;\"><a href=\"#\">Telefon<br \/>84\/501-700<br \/><\/a><\/p><p style=\"text-align: center;\"><a href=\"#\">K\u00f6zponti el\u0151jegyz\u00e9s<br \/>84\/501-793<br \/><\/a><\/p><p style=\"text-align: center;\"><a href=\"#\">Beutal\u00f3 k\u00f6teles<br \/>igen<br \/><\/a><\/p><\/div>\n<\/div><\/div>\n","protected":false},"excerpt":{"rendered":"<p>A szakrendel\u00e9sen megjelen\u00e9s beutal\u00f3val, megjelen\u00e9s\u00a0el\u00f5tt k\u00e9rj\u00fck\u00a0k\u00e9rjen id\u00f5pontot az inform\u00e1ci\u00f3n szem\u00e9lyesen, vagy a\u00a084\/501-793 telefonsz\u00e1mon! Rendel\u00e9si id\u00f5: \u00a0 h\u00e9tf\u0151t\u0151l-cs\u00fct\u00f6rt\u00f6kig 8:30-10:00, 12:30-14:00 Rendel\u0151 orvosaink h\u00e9tf\u0151 kedd szerda cs\u00fct\u00f6rt\u00f6k p\u00e9ntek \u00a0Dr. Szab\u00f3 Imre \u00a0Dr. Szab\u00f3 Imre \u00a0Dr. Szab\u00f3 Imre \u00a0Dr. Szab\u00f3 Imre &nbsp;<\/p>\n","protected":false},"author":1,"featured_media":4735,"parent":0,"menu_order":0,"comment_status":"closed","ping_status":"closed","template":"","meta":{"_genesis_hide_title":false,"_genesis_hide_breadcrumbs":false,"_genesis_hide_singular_image":false,"_genesis_hide_footer_widgets":false,"_genesis_custom_body_class":"","_genesis_custom_post_class":"","_genesis_layout":"","footnotes":""},"class_list":{"0":"post-4311","1":"page","2":"type-page","3":"status-publish","4":"has-post-thumbnail","6":"entry"},"featured_image_src":"https:\/\/siokorhaz.hu\/wp-content\/uploads\/2025\/02\/23-Breast-and-Auxilla.jpg","featured_image_src_square":"https:\/\/siokorhaz.hu\/wp-content\/uploads\/2025\/02\/23-Breast-and-Auxilla.jpg","_links":{"self":[{"href":"https:\/\/siokorhaz.hu\/index.php?rest_route=\/wp\/v2\/pages\/4311","targetHints":{"allow":["GET"]}}],"collection":[{"href":"https:\/\/siokorhaz.hu\/index.php?rest_route=\/wp\/v2\/pages"}],"about":[{"href":"https:\/\/siokorhaz.hu\/index.php?rest_route=\/wp\/v2\/types\/page"}],"author":[{"embeddable":true,"href":"https:\/\/siokorhaz.hu\/index.php?rest_route=\/wp\/v2\/users\/1"}],"replies":[{"embeddable":true,"href":"https:\/\/siokorhaz.hu\/index.php?rest_route=%2Fwp%2Fv2%2Fcomments&post=4311"}],"version-history":[{"count":3,"href":"https:\/\/siokorhaz.hu\/index.php?rest_route=\/wp\/v2\/pages\/4311\/revisions"}],"predecessor-version":[{"id":6676,"href":"https:\/\/siokorhaz.hu\/index.php?rest_route=\/wp\/v2\/pages\/4311\/revisions\/6676"}],"wp:featuredmedia":[{"embeddable":true,"href":"https:\/\/siokorhaz.hu\/index.php?rest_route=\/wp\/v2\/media\/4735"}],"wp:attachment":[{"href":"https:\/\/siokorhaz.hu\/index.php?rest_route=%2Fwp%2Fv2%2Fmedia&parent=4311"}],"curies":[{"name":"wp","href":"https:\/\/api.w.org\/{rel}","templated":true}]}}