{"id":4173,"date":"2025-02-03T15:20:22","date_gmt":"2025-02-03T14:20:22","guid":{"rendered":"http:\/\/169.254.1.50\/?page_id=4173"},"modified":"2025-06-16T19:24:04","modified_gmt":"2025-06-16T19:24:04","slug":"traumatologiai-szakrendeles","status":"publish","type":"page","link":"https:\/\/siokorhaz.hu\/?page_id=4173","title":{"rendered":"Traumatol\u00f3giai szakrendel\u00e9s"},"content":{"rendered":"<p><strong>Traumatol\u00f3giai (baleseti seb\u00e9szeti) szakrendel\u00e9s <\/strong><\/p>\n<p>Els\u0151sorban baleseti seb\u00e9szeti kontroll vizsg\u00e1latokat v\u00e9gz\u00fcnk, illetve nem friss, de balesettel \u00f6sszef\u00fcgg\u0151 panaszok kivizsg\u00e1l\u00e1sa \u00e9s kezel\u00e9se t\u00f6rt\u00e9nik.<\/p>\n<p>Ell\u00e1t\u00e1sunkba tartoznak a k\u00f6t\u00e9scser\u00e9k, varratszed\u00e9s, gipsz ellen\u0151rz\u00e9s, m\u0171t\u00e9t ut\u00e1ni kontroll vizsg\u00e1latok.<\/p>\n<p>Szakrendel\u00e9s\u00fcnk\u00f6n el\u0151zetes bejelentkez\u00e9s alapj\u00e1n (K\u00f6zponti Betegfelv\u00e9teli Irod\u00e1n), vagy a kezel\u0151orvos visszarendel\u00e9se alapj\u00e1n fogadjuk a s\u00e9r\u00fclteket 8.00 \u2013 14.00 k\u00f6z\u00f6tt.<\/p>\n<p><u>Orvosok: <\/u><\/p>\n<p>H\u00e9tf\u0151: Dr. Csik\u00f3s Attila<\/p>\n<p>Kedd: Dr. Imre L\u00e1szl\u00f3<\/p>\n<p>Szerda: Dr. Megyesi J\u00f3zsef<\/p>\n<p>Cs\u00fct\u00f6rt\u00f6k: Dr. T\u00f3th Zolt\u00e1n<\/p>\n<p>P\u00e9ntek: Dr. Simon \u00c1d\u00e1m<\/p>\n<p><u>Szakdolgoz\u00f3k:<\/u><\/p>\n<p>M\u00fcller Sarolta asszisztens<\/p>\n<p>Gutman Erzs\u00e9bet adminisztr\u00e1tor<\/p>\n<p><strong>Rendel\u00e9s elhelyezked\u00e9se, el\u00e9rhet\u0151s\u00e9gek<\/strong><\/p>\n<p>Si\u00f3foki K\u00f3rh\u00e1z-Rendel\u0151int\u00e9zet<\/p>\n<p>8600 Si\u00f3fok, Semmelweis u. 1. E \u00e9p\u00fclet, 1. emelet<\/p>\n<p>Telefon: +36 84 501 700\/133<\/p>\n<p>E-mail: sebambu@siokorhaz.hu<\/p>\n<p>Rendel\u00e9si id\u0151<\/p>\n<p>H\u00e9tf\u0151t\u0151l \u2013 p\u00e9ntekig 8.00 \u2013 14.00<\/p>\n<p><\/p>\n<p class=\"has-text-align-center\"><strong>Rendel\u0151 orvosaink<\/strong><\/p>\n<p> <\/p>\n<figure class=\"wp-block-table\">\n<table class=\"has-fixed-layout\">\n<thead>\n<tr>\n<th>h\u00e9tf\u0151<\/th>\n<th>kedd<\/th>\n<th>szerda<\/th>\n<th>cs\u00fct\u00f6rt\u00f6k<\/th>\n<th>p\u00e9ntek<\/th>\n<\/tr>\n<\/thead>\n<tbody>\n<tr>\n<td>\n<table width=\"241\">\n<tbody>\n<tr>\n<td width=\"241\">Dr. Szoboszlai Andr\u00e1s L\u00e1szl\u00f3<\/td>\n<\/tr>\n<\/tbody>\n<\/table>\n<\/td>\n<td>\n<table width=\"241\">\n<tbody>\n<tr>\n<td width=\"241\">Dr. Imre L\u00e1szl\u00f3<\/td>\n<\/tr>\n<\/tbody>\n<\/table>\n<\/td>\n<td>\n<table width=\"272\">\n<tbody>\n<tr>\n<td width=\"272\">Dr. Megyesi J\u00f3zsef<\/td>\n<\/tr>\n<\/tbody>\n<\/table>\n<\/td>\n<td>\n<table width=\"241\">\n<tbody>\n<tr>\n<td width=\"241\">Dr. Nov\u00e1k L\u00e1szl\u00f3<\/td>\n<\/tr>\n<\/tbody>\n<\/table>\n<\/td>\n<td>\n<table width=\"266\">\n<tbody>\n<tr>\n<td width=\"266\">az \u00f6sszes ortop\u00e9d-traumatol\u00f3gus szakorvos<\/td>\n<\/tr>\n<\/tbody>\n<\/table>\n<\/td>\n<\/tr>\n<\/tbody>\n<\/table>\n<\/figure>\n<p><\/p>\n\n\n<div style=\"color:#ddd\" class=\"wp-block-genesis-blocks-gb-spacer gb-block-spacer gb-divider-solid gb-divider-size-1\"><hr style=\"height:30px\"\/><\/div>\n\n\n\n<div style=\"color:#32373c;background-color:#00d1b2\" class=\"wp-block-genesis-blocks-gb-notice gb-font-size-18 gb-block-notice\" data-id=\"d41d8c\"><div class=\"gb-notice-text\" style=\"border-color:#00d1b2\"><div data-post-id=\"5163\" class=\"insert-page insert-page-5163 \"><h2>Traumatol\u00f3giai (baleseti seb\u00e9szeti) szakrendel\u00e9s<\/h2>\t\t\t\t\n\t\t\t\t\t\t\t\t\t\t\t\t\t\t\t<img loading=\"lazy\" decoding=\"async\" width=\"1024\" height=\"724\" src=\"https:\/\/siokorhaz.hu\/wp-content\/uploads\/2025\/01\/korhaz_epuletek-1024x724.png\" alt=\"\" srcset=\"https:\/\/siokorhaz.hu\/wp-content\/uploads\/2025\/01\/korhaz_epuletek-1024x724.png 1024w, https:\/\/siokorhaz.hu\/wp-content\/uploads\/2025\/01\/korhaz_epuletek-300x212.png 300w, https:\/\/siokorhaz.hu\/wp-content\/uploads\/2025\/01\/korhaz_epuletek-768x543.png 768w, https:\/\/siokorhaz.hu\/wp-content\/uploads\/2025\/01\/korhaz_epuletek-750x530.png 750w, https:\/\/siokorhaz.hu\/wp-content\/uploads\/2025\/01\/korhaz_epuletek-540x382.png 540w, https:\/\/siokorhaz.hu\/wp-content\/uploads\/2025\/01\/korhaz_epuletek.png 1110w\" sizes=\"auto, (max-width: 1024px) 100vw, 1024px\" \/>\t\t\t\t\t\t\t\t\t\t\t\t\t\t\t\n\t\t<table><thead><tr><th colspan=\"2\">RENDEL\u00c9SI ID\u0150<\/th><\/tr><\/thead><tbody><tr><td>H\u00c9TF\u0150<\/td><td>8<sup>00<\/sup> &#8211; 14<sup>00<\/sup><\/td><\/tr><tr><td>KEDD<\/td><td>8<sup>00<\/sup> &#8211; 14<sup>00<\/sup><\/td><\/tr><tr><td>SZERDA<\/td><td>8<sup>00<\/sup> &#8211; 14<sup>00<\/sup><\/td><\/tr><tr><td>CS\u00dcT\u00d6RT\u00d6K<\/td><td>8<sup>00<\/sup> &#8211; 14<sup>00<\/sup><\/td><\/tr><tr><td>P\u00c9NTEK<\/td><td>8<sup>00<\/sup> &#8211; 14<sup>00<\/sup><\/td><\/tr><\/tbody><\/table><p style=\"text-align: center;\"><a href=\"#\">Rendel\u00e9s Helye\n&#8222;E&#8221;.\u00e9p\u00fclet, 1. emelet 12.ajt\u00f3<\/a><\/p><p style=\"text-align: center;\"><a href=\"#\">K\u00f6zponti el\u0151jegyz\u00e9s<br \/>84\/501-793<br \/><\/a><\/p><p style=\"text-align: center;\"><a href=\"#\">Telefon<br \/>84\/501-700\/133<br \/><\/a><\/p><p style=\"text-align: center;\"><a href=\"#\">E-mail\nsebambu@siokorhaz.hu\n<\/a><\/p><p style=\"text-align: center;\"><a href=\"#\">Beutal\u00f3 k\u00f6teles<br \/>nem<br \/><\/a><\/p><\/div>\n<\/div><\/div>\n","protected":false},"excerpt":{"rendered":"<p>Traumatol\u00f3giai (baleseti seb\u00e9szeti) szakrendel\u00e9s Els\u0151sorban baleseti seb\u00e9szeti kontroll vizsg\u00e1latokat v\u00e9gz\u00fcnk, illetve nem friss, de balesettel \u00f6sszef\u00fcgg\u0151 panaszok kivizsg\u00e1l\u00e1sa \u00e9s kezel\u00e9se t\u00f6rt\u00e9nik. Ell\u00e1t\u00e1sunkba tartoznak a k\u00f6t\u00e9scser\u00e9k, varratszed\u00e9s, gipsz ellen\u0151rz\u00e9s, m\u0171t\u00e9t ut\u00e1ni kontroll vizsg\u00e1latok. Szakrendel\u00e9s\u00fcnk\u00f6n el\u0151zetes bejelentkez\u00e9s alapj\u00e1n (K\u00f6zponti Betegfelv\u00e9teli Irod\u00e1n), vagy a kezel\u0151orvos visszarendel\u00e9se alapj\u00e1n fogadjuk a s\u00e9r\u00fclteket 8.00 \u2013 14.00 k\u00f6z\u00f6tt. Orvosok: H\u00e9tf\u0151: Dr. Csik\u00f3s [&hellip;]<\/p>\n","protected":false},"author":1,"featured_media":4744,"parent":0,"menu_order":0,"comment_status":"closed","ping_status":"closed","template":"","meta":{"_genesis_hide_title":false,"_genesis_hide_breadcrumbs":false,"_genesis_hide_singular_image":false,"_genesis_hide_footer_widgets":false,"_genesis_custom_body_class":"","_genesis_custom_post_class":"","_genesis_layout":"","footnotes":""},"class_list":{"0":"post-4173","1":"page","2":"type-page","3":"status-publish","4":"has-post-thumbnail","6":"entry"},"featured_image_src":"https:\/\/siokorhaz.hu\/wp-content\/uploads\/2025\/02\/ortopedi-ve-travmatoloji-1-1-600x400.jpg","featured_image_src_square":"https:\/\/siokorhaz.hu\/wp-content\/uploads\/2025\/02\/ortopedi-ve-travmatoloji-1-1-600x560.jpg","_links":{"self":[{"href":"https:\/\/siokorhaz.hu\/index.php?rest_route=\/wp\/v2\/pages\/4173","targetHints":{"allow":["GET"]}}],"collection":[{"href":"https:\/\/siokorhaz.hu\/index.php?rest_route=\/wp\/v2\/pages"}],"about":[{"href":"https:\/\/siokorhaz.hu\/index.php?rest_route=\/wp\/v2\/types\/page"}],"author":[{"embeddable":true,"href":"https:\/\/siokorhaz.hu\/index.php?rest_route=\/wp\/v2\/users\/1"}],"replies":[{"embeddable":true,"href":"https:\/\/siokorhaz.hu\/index.php?rest_route=%2Fwp%2Fv2%2Fcomments&post=4173"}],"version-history":[{"count":6,"href":"https:\/\/siokorhaz.hu\/index.php?rest_route=\/wp\/v2\/pages\/4173\/revisions"}],"predecessor-version":[{"id":6679,"href":"https:\/\/siokorhaz.hu\/index.php?rest_route=\/wp\/v2\/pages\/4173\/revisions\/6679"}],"wp:featuredmedia":[{"embeddable":true,"href":"https:\/\/siokorhaz.hu\/index.php?rest_route=\/wp\/v2\/media\/4744"}],"wp:attachment":[{"href":"https:\/\/siokorhaz.hu\/index.php?rest_route=%2Fwp%2Fv2%2Fmedia&parent=4173"}],"curies":[{"name":"wp","href":"https:\/\/api.w.org\/{rel}","templated":true}]}}