{"id":4126,"date":"2025-02-03T12:28:32","date_gmt":"2025-02-03T11:28:32","guid":{"rendered":"http:\/\/169.254.1.50\/?page_id=4126"},"modified":"2025-06-16T19:15:52","modified_gmt":"2025-06-16T19:15:52","slug":"lezer-sebeszeti-szakrendeles","status":"publish","type":"page","link":"https:\/\/siokorhaz.hu\/?page_id=4126","title":{"rendered":"L\u00e9zer seb\u00e9szeti szakrendel\u00e9s"},"content":{"rendered":"<p><strong>L\u00e9zer seb\u00e9szeti szakrendel\u00e9s, l\u00e1gyl\u00e9zer ter\u00e1pia <\/strong><\/p>\n<p>A szakrendel\u00e9sen sokoldal\u00faan felhaszn\u00e1lhat\u00f3 CO2 l\u00e9zerk\u00e9sz\u00fcl\u00e9kek m\u0171k\u00f6dnek. A l\u00e9zer szakvizsg\u00e1val rendelkez\u0151 szakemberek naponta j\u00e1r\u00f3beteg ell\u00e1t\u00e1s keret\u00e9ben seb\u00e9szet, n\u0151gy\u00f3gy\u00e1szat, f\u00fcl- orr- g\u00e9g\u00e9szet, b\u0151rgy\u00f3gy\u00e1szat szakter\u00fclet\u00e9n fogadj\u00e1k a betegeket.<\/p>\n<p>Beavatkoz\u00e1s sor\u00e1n:<\/p>\n<ul>\n<li>megfelel\u0151 \u00e9rz\u00e9stelen\u00edt\u00e9s,<\/li>\n<li>a b\u0151r r\u00e9tegeiben, vagy a b\u0151r alatti sz\u00f6vetekben elhelyezked\u0151 g\u00f3c kimetsz\u00e9se CO2 l\u00e9zerrel vagy lehets\u00e9ges alternat\u00edv megold\u00e1sk\u00e9nt hagyom\u00e1nyos seb\u00e9szeti beavatkoz\u00e1s,<\/li>\n<li>beavatkoz\u00e1sok eset\u00e9n a sz\u00f6vettani vizsg\u00e1latok fontosak<\/li>\n<li>biztons\u00e1gi el\u0151\u00edr\u00e1sok betart\u00e1sa sz\u00fcks\u00e9ges, v\u00e9d\u0151szem\u00fcveg visel\u00e9se k\u00f6telez\u0151!<\/li>\n<\/ul>\n<p>L\u00e9zer seb\u00e9szeti beavatkoz\u00e1sok el\u0151nyei:<\/p>\n<ul>\n<li>eszt\u00e9tikailag el\u0151ny\u00f6s<\/li>\n<li>\u00e9rint\u00e9smentes<\/li>\n<li>v\u00e9rtelen m\u0171t\u00e9t<\/li>\n<li>minim\u00e1lis hegsz\u00f6vet<\/li>\n<li>kedvez\u0151 sebgy\u00f3gyul\u00e1s<\/li>\n<li>minim\u00e1lis eszk\u00f6z \u00e9s anyag felhaszn\u00e1l\u00e1s<\/li>\n<\/ul>\n<p><strong>L\u00e1gyl\u00e9zer ter\u00e1pia <\/strong><\/p>\n<p>A soft-l\u00e9zer b\u0151rgy\u00f3gy\u00e1szati, reumatol\u00f3giai, ortop\u00e9diai \u00e9s traumatol\u00f3giai elv\u00e1ltoz\u00e1sokn\u00e1l alkalmazhat\u00f3. L\u00e1tv\u00e1nyos f\u00e1jdalomcsillap\u00edt\u00f3 \u00e9s gyullad\u00e1s- cs\u00f6kkent\u0151 elj\u00e1r\u00e1s.<\/p>\n<p>Kezel\u00e9s k\u00faraszer\u0171en: f\u00e1jdalmas testr\u00e9szenk\u00e9nt 5-10 kezel\u00e9s sz\u00fcks\u00e9ges.<\/p>\n<p>Ellenjavallatok:<\/p>\n<ul>\n<li>kivizsg\u00e1latlan beteg, tiszt\u00e1zatlan diagn\u00f3zis<\/li>\n<li>l\u00e1z<\/li>\n<li>rosszindulat\u00fa daganatos betegs\u00e9gek<\/li>\n<\/ul>\n<p>L\u00e1gyl\u00e9zer kezel\u00e9s el\u0151nyei:<\/p>\n<ul>\n<li>f\u00e1jdalommentes, relat\u00edv gyors eredm\u00e9ny v\u00e1rhat\u00f3<\/li>\n<li>t\u00f6bbsz\u00f6r ism\u00e9telhet\u0151<\/li>\n<li>m\u00e1s ter\u00e1pi\u00e1kkal kombin\u00e1lhat\u00f3<\/li>\n<li>ambulanter v\u00e9gezhet\u0151<\/li>\n<li>sz\u00e9les indik\u00e1ci\u00f3s ter\u00fclettel b\u00edr<\/li>\n<li>nincs mell\u00e9khat\u00e1sa<\/li>\n<\/ul>\n<p>Koll\u00e9g\u00e1kkal, t\u00e1rsszakm\u00e1kkal rendszeres konzultat\u00edv egy\u00fcttm\u0171k\u00f6d\u00e9st tartunk.<\/p>\n<p>Probl\u00e9m\u00e1s esetek megbesz\u00e9l\u00e9s\u00e9re nyitottak vagyunk, seg\u00edts\u00e9g\u00fcnket mindenkinek felaj\u00e1nljuk.\u00a0<\/p>\n<p>L\u00e1gyl\u00e9zer ter\u00e1pia beutal\u00f3 k\u00f6teles.<\/p>\n<p><strong>Munkat\u00e1rsak<\/strong><\/p>\n<p>Vezet\u0151:<\/p>\n<p><strong>Dr. Safar Ahmed<\/strong> \u2013 seb\u00e9sz f\u0151orvos<\/p>\n<p>Orvos koll\u00e9g\u00e1k:<\/p>\n<p><strong>Dr. Czurk\u00f3 G\u00e9za<\/strong> &#8211; f\u00fcl-orr-g\u00e9g\u00e9sz f\u0151orvos<\/p>\n<p>Asszisztensek:<\/p>\n<p><strong>Horv\u00e1th Kamilla<\/strong> \u2013 asszisztens (OKJ \u00e1pol\u00f3)\u00a0\u00a0\u00a0\u00a0\u00a0<\/p>\n<p><strong>L\u00e9zer seb\u00e9szeti szakrendel\u00e9s elhelyezked\u00e9se, el\u00e9rhet\u0151s\u00e9gek<\/strong><\/p>\n<p>Si\u00f3foki K\u00f3rh\u00e1z-Rendel\u0151int\u00e9zet<\/p>\n<p>\u00a08600 Si\u00f3fok, Semmelweis u. 1., F\u0151\u00e9p\u00fclet C sz\u00e1rny, F\u00f6ldszint, 21. ajt\u00f3<\/p>\n<p><strong>Rendel\u00e9si id\u0151:<\/strong><\/p>\n<p>h\u00e9tf\u0151t\u0151l &#8211; p\u00e9ntekig: 8.00 \u2013 14.00<\/p>\n<p>Telefon: +36 84 501\u00a0766<\/p>\n<p>E-mail: <a href=\"mailto:lezer@siokorhaz.hu\">lezer@siokorhaz.hu<\/a><\/p>\n<p><\/p>\n<p class=\"has-text-align-center\"><strong>Rendel\u0151 orvosaink<\/strong><\/p>\n<p> <\/p>\n<figure class=\"wp-block-table\">\n<table class=\"has-fixed-layout\">\n<thead>\n<tr>\n<th>h\u00e9tf\u0151<\/th>\n<th>kedd<\/th>\n<th>szerda<\/th>\n<th>cs\u00fct\u00f6rt\u00f6k<\/th>\n<th>p\u00e9ntek<\/th>\n<\/tr>\n<\/thead>\n<tbody>\n<tr>\n<td>\n<table width=\"241\">\n<tbody>\n<tr>\n<td width=\"241\">Dr. Safar Ahmed<\/td>\n<\/tr>\n<\/tbody>\n<\/table>\n<\/td>\n<td>\n<table width=\"241\">\n<tbody>\n<tr>\n<td width=\"241\">Dr. Safar Ahmed<\/td>\n<\/tr>\n<\/tbody>\n<\/table>\n<\/td>\n<td>\n<table width=\"241\">\n<tbody>\n<tr>\n<td width=\"241\">Dr. Safar Ahmed<\/td>\n<\/tr>\n<\/tbody>\n<\/table>\n<\/td>\n<td>\n<table width=\"241\">\n<tbody>\n<tr>\n<td width=\"241\">Dr. Safar Ahmed<\/td>\n<\/tr>\n<\/tbody>\n<\/table>\n<\/td>\n<td>\n<table width=\"241\">\n<tbody>\n<tr>\n<td width=\"241\">Dr. Safar Ahmed<\/td>\n<\/tr>\n<\/tbody>\n<\/table>\n<\/td>\n<\/tr>\n<\/tbody>\n<\/table>\n<\/figure>\n<p><\/p>\n\n\n<div style=\"color:#32373c;background-color:#00d1b2\" class=\"wp-block-genesis-blocks-gb-notice gb-font-size-18 gb-block-notice\" data-id=\"5e5432\"><div class=\"gb-notice-text\" style=\"border-color:#00d1b2\"><div data-post-id=\"5102\" class=\"insert-page insert-page-5102 \"><h2>L\u00e9zer seb\u00e9szeti szakrendel\u00e9s<\/h2>\t\t\t\t\n\t\t\t\t\t\t\t\t\t\t\t\t\t\t\t<img loading=\"lazy\" decoding=\"async\" width=\"1024\" height=\"724\" src=\"https:\/\/siokorhaz.hu\/wp-content\/uploads\/2025\/01\/korhaz_epuletek-1024x724.png\" alt=\"\" srcset=\"https:\/\/siokorhaz.hu\/wp-content\/uploads\/2025\/01\/korhaz_epuletek-1024x724.png 1024w, https:\/\/siokorhaz.hu\/wp-content\/uploads\/2025\/01\/korhaz_epuletek-300x212.png 300w, https:\/\/siokorhaz.hu\/wp-content\/uploads\/2025\/01\/korhaz_epuletek-768x543.png 768w, https:\/\/siokorhaz.hu\/wp-content\/uploads\/2025\/01\/korhaz_epuletek-750x530.png 750w, https:\/\/siokorhaz.hu\/wp-content\/uploads\/2025\/01\/korhaz_epuletek-540x382.png 540w, https:\/\/siokorhaz.hu\/wp-content\/uploads\/2025\/01\/korhaz_epuletek.png 1110w\" sizes=\"auto, (max-width: 1024px) 100vw, 1024px\" \/>\t\t\t\t\t\t\t\t\t\t\t\t\t\t\t\n\t\t<table><thead><tr><th colspan=\"2\">RENDEL\u00c9SI ID\u0150<\/th><\/tr><\/thead><tbody><tr><td>H\u00c9TF\u0150<\/td><td>8<sup>00<\/sup> &#8211; 14<sup>00<\/sup><\/td><\/tr><tr><td>KEDD<\/td><td>8<sup>00<\/sup> &#8211; 14<sup>00<\/sup><\/td><\/tr><tr><td>SZERDA<\/td><td>8<sup>00<\/sup> &#8211; 14<sup>00<\/sup><\/td><\/tr><tr><td>CS\u00dcT\u00d6RT\u00d6K<\/td><td>8<sup>00<\/sup> &#8211; 14<sup>00<\/sup><\/td><\/tr><tr><td>P\u00c9NTEK<\/td><td>8<sup>00<\/sup> &#8211; 14<sup>00<\/sup><\/td><\/tr><\/tbody><\/table><p style=\"text-align: center;\"><a href=\"#\">Rendel\u00e9s Helye<br \/> F\u0151\u00e9p\u00fclet, C sz\u00e1rny, f\u00f6ldszint, 21. ajt\u00f3<\/a><\/p><p style=\"text-align: center;\"><a href=\"#\">K\u00f6zponti el\u0151jegyz\u00e9s<br \/>84\/501-793<br \/><\/a><\/p><p style=\"text-align: center;\"><a href=\"#\">Telefon<br \/>84\/501-766<br \/><\/a><\/p><p style=\"text-align: center;\"><a href=\"#\">E-mail\nlezer@siokorhaz.hu\n<\/a><\/p><p style=\"text-align: center;\"><a href=\"#\">Beutal\u00f3 k\u00f6teles<br \/>igen<br \/><\/a><\/p><\/div>\n<\/div><\/div>\n","protected":false},"excerpt":{"rendered":"<p>L\u00e9zer seb\u00e9szeti szakrendel\u00e9s, l\u00e1gyl\u00e9zer ter\u00e1pia A szakrendel\u00e9sen sokoldal\u00faan felhaszn\u00e1lhat\u00f3 CO2 l\u00e9zerk\u00e9sz\u00fcl\u00e9kek m\u0171k\u00f6dnek. A l\u00e9zer szakvizsg\u00e1val rendelkez\u0151 szakemberek naponta j\u00e1r\u00f3beteg ell\u00e1t\u00e1s keret\u00e9ben seb\u00e9szet, n\u0151gy\u00f3gy\u00e1szat, f\u00fcl- orr- g\u00e9g\u00e9szet, b\u0151rgy\u00f3gy\u00e1szat szakter\u00fclet\u00e9n fogadj\u00e1k a betegeket. Beavatkoz\u00e1s sor\u00e1n: megfelel\u0151 \u00e9rz\u00e9stelen\u00edt\u00e9s, a b\u0151r r\u00e9tegeiben, vagy a b\u0151r alatti sz\u00f6vetekben elhelyezked\u0151 g\u00f3c kimetsz\u00e9se CO2 l\u00e9zerrel vagy lehets\u00e9ges alternat\u00edv megold\u00e1sk\u00e9nt hagyom\u00e1nyos seb\u00e9szeti beavatkoz\u00e1s, [&hellip;]<\/p>\n","protected":false},"author":1,"featured_media":4724,"parent":0,"menu_order":0,"comment_status":"closed","ping_status":"closed","template":"","meta":{"_genesis_hide_title":false,"_genesis_hide_breadcrumbs":false,"_genesis_hide_singular_image":false,"_genesis_hide_footer_widgets":false,"_genesis_custom_body_class":"","_genesis_custom_post_class":"","_genesis_layout":"","footnotes":""},"class_list":{"0":"post-4126","1":"page","2":"type-page","3":"status-publish","4":"has-post-thumbnail","6":"entry"},"featured_image_src":"https:\/\/siokorhaz.hu\/wp-content\/uploads\/2025\/02\/Laser-600x400.jpg","featured_image_src_square":"https:\/\/siokorhaz.hu\/wp-content\/uploads\/2025\/02\/Laser-600x483.jpg","_links":{"self":[{"href":"https:\/\/siokorhaz.hu\/index.php?rest_route=\/wp\/v2\/pages\/4126","targetHints":{"allow":["GET"]}}],"collection":[{"href":"https:\/\/siokorhaz.hu\/index.php?rest_route=\/wp\/v2\/pages"}],"about":[{"href":"https:\/\/siokorhaz.hu\/index.php?rest_route=\/wp\/v2\/types\/page"}],"author":[{"embeddable":true,"href":"https:\/\/siokorhaz.hu\/index.php?rest_route=\/wp\/v2\/users\/1"}],"replies":[{"embeddable":true,"href":"https:\/\/siokorhaz.hu\/index.php?rest_route=%2Fwp%2Fv2%2Fcomments&post=4126"}],"version-history":[{"count":3,"href":"https:\/\/siokorhaz.hu\/index.php?rest_route=\/wp\/v2\/pages\/4126\/revisions"}],"predecessor-version":[{"id":6672,"href":"https:\/\/siokorhaz.hu\/index.php?rest_route=\/wp\/v2\/pages\/4126\/revisions\/6672"}],"wp:featuredmedia":[{"embeddable":true,"href":"https:\/\/siokorhaz.hu\/index.php?rest_route=\/wp\/v2\/media\/4724"}],"wp:attachment":[{"href":"https:\/\/siokorhaz.hu\/index.php?rest_route=%2Fwp%2Fv2%2Fmedia&parent=4126"}],"curies":[{"name":"wp","href":"https:\/\/api.w.org\/{rel}","templated":true}]}}