{"id":3975,"date":"2025-01-30T14:33:55","date_gmt":"2025-01-30T13:33:55","guid":{"rendered":"http:\/\/169.254.1.50\/?page_id=3975"},"modified":"2025-06-02T11:44:01","modified_gmt":"2025-06-02T11:44:01","slug":"radiologia","status":"publish","type":"page","link":"https:\/\/siokorhaz.hu\/?page_id=3975","title":{"rendered":"Radiol\u00f3gia"},"content":{"rendered":"<p style=\"background-color: #ffffff; font-size: 14px;\"><strong style=\"font-size: 14px;\">Radiol\u00f3giai Oszt\u00e1ly<\/strong><\/p>\n<p style=\"background-color: #ffffff; font-size: 14px;\">A Si\u00f3foki K\u00f3rh\u00e1z- Rendel\u0151int\u00e9zet Radiol\u00f3gia Oszt\u00e1lya az int\u00e9zm\u00e9nyben a F\u0151\u00e9p\u00fclet II. emelet \u201eC\u201d \u00e9s \u201eD\u201d sz\u00e1rny\u00e1n helyezkedik el.<\/p>\n<p style=\"background-color: #ffffff; font-size: 14px;\">Oszt\u00e1lyunk orvosai \u00e9s szakdolgoz\u00f3i a szakter\u00fclet \u00e9vek-\u00e9vtizedek \u00f3ta dolgoznak, a radiol\u00f3giai vizsg\u00e1latokban kell\u0151 szakmai j\u00e1rtass\u00e1ggal rendelkeznek. A s\u00fcrg\u0151ss\u00e9gi k\u00e9palkot\u00f3 vizsg\u00e1latok 24 \u00f3r\u00e1s folyamatos munkarendben t\u00f6rt\u00e9nnek.<\/p>\n<p style=\"background-color: #ffffff; font-size: 14px;\"><strong style=\"font-size: 14px;\"><u style=\"font-size: 14px;\">A Radiol\u00f3gia oszt\u00e1ly tev\u00e9kenys\u00e9gi k\u00f6re:<\/u><\/strong><\/p>\n<ul style=\"background-color: #ffffff; font-size: 14px;\">\n<li style=\"font-size: 14px;\">Hagyom\u00e1nyos radiol\u00f3giai vizsg\u00e1latok, ezen bel\u00fcl valamennyi nat\u00edv felv\u00e9tel \u00e9s \u00e1tvil\u00e1g\u00edt\u00e1s, a nyel\u0151cs\u0151-gyomor-b\u00e9lrendszer, az urogenit\u00e1lis rendszer nat\u00edv \u00e9s kontrasztos vizsg\u00e1latai (i.v. urogr\u00e1fia, cisztogr\u00e1fia, HSG) fisztulogr\u00e1fi\u00e1k v\u00e9gz\u00e9se,<\/li>\n<li style=\"font-size: 14px;\">az eg\u00e9sz test valamennyi r\u00e9gi\u00f3j\u00e1nak nat\u00edv \u00e9s kontrasztos CT vizsg\u00e1latai, CT-vez\u00e9relt mintav\u00e9telek,<\/li>\n<li style=\"font-size: 14px;\">ultrahang vizsg\u00e1latok v\u00e9gz\u00e9se az emberi test valamennyi r\u00e9gi\u00f3j\u00e1ban &#8211; 2D real time \u00e9s duplex ill. sz\u00ednk\u00f3dolt, UH vez\u00e9relt biopszi\u00e1k (v\u00e9konyt\u0171 \u00e9s core biopszi\u00e1k), punkci\u00f3k, dren\u00e1zsok.<\/li>\n<li style=\"font-size: 14px;\">Eml\u0151diagnosztika (mamogr\u00e1fia)<\/li>\n<\/ul>\n<p style=\"background-color: #ffffff; font-size: 14px;\"><u style=\"font-size: 14px;\">Az oszt\u00e1ly munkat\u00e1rsai:<\/u><br \/>Orvosok:<\/p>\n<ul style=\"background-color: #ffffff; font-size: 14px;\">\n<li style=\"font-size: 14px;\">Oszt\u00e1lyvezet\u0151 orvos: Dr. Navazandeh Vahid<\/li>\n<li style=\"font-size: 14px;\">4 f\u0151 szakorvos (1 f\u0151 Reumatol\u00f3gus szakorvos, aki m\u00e1sodik szakorvosi vizsg\u00e1ra k\u00e9sz\u00fcl)<\/li>\n<li style=\"font-size: 14px;\">3 f\u0151 rezidens<\/li>\n<\/ul>\n<p style=\"background-color: #ffffff; font-size: 14px;\">Szakdolgoz\u00f3k:<\/p>\n<ul style=\"background-color: #ffffff; font-size: 14px;\">\n<li style=\"font-size: 14px;\">13 f\u0151<\/li>\n<\/ul>\n<p style=\"background-color: #ffffff; font-size: 14px;\">Egy\u00e9b (kiseg\u00edt\u0151 dolgoz\u00f3):<\/p>\n<ul style=\"background-color: #ffffff; font-size: 14px;\">\n<li style=\"font-size: 14px;\">4 f\u0151 adminisztr\u00e1tor<\/li>\n<li style=\"font-size: 14px;\">2 f\u0151 speci\u00e1lisan betan\u00edtott kiseg\u00edt\u0151 dolgoz\u00f3 (takar\u00edt\u00f3)<\/li>\n<\/ul>\n<p style=\"background-color: #ffffff; font-size: 14px;\"><strong style=\"font-size: 14px;\"><u style=\"font-size: 14px;\">Szolg\u00e1ltat\u00e1sok:<\/u><\/strong><\/p>\n<p style=\"background-color: #ffffff; font-size: 14px;\"><strong style=\"font-size: 14px;\"><u style=\"font-size: 14px;\">Ultrahang diagnosztika<br \/><\/u><\/strong>Korszer\u0171 ultrahang k\u00e9sz\u00fcl\u00e9kkel (Siemens Acuson X700, GE Logiq P9) hasi \u00e9s kismedencei -, nyaki l\u00e1gyr\u00e9sz -, pajzsmirigy vizsg\u00e1latokat, v\u00e9n\u00e1s \u00e9rvizsg\u00e1latokat, valamint \u00edz\u00fcleti \u00e9s v\u00e9gtagi l\u00e1gyr\u00e9sz vizsg\u00e1latokat v\u00e9gz\u00fcnk.<\/p>\n<p style=\"background-color: #ffffff; font-size: 14px;\"><strong style=\"font-size: 14px;\"><u style=\"font-size: 14px;\">R\u00f6ntgen diagnosztika<br \/><\/u><\/strong>Hagyom\u00e1nyos r\u00f6ntgen vizsg\u00e1latok teljes sk\u00e1l\u00e1j\u00e1t v\u00e9gezz\u00fck modern digit\u00e1lis technik\u00e1val (Siemens Multix Fusion \u00e9s Luminos Fusion) .<\/p>\n<p style=\"background-color: #ffffff; font-size: 14px;\"><strong style=\"font-size: 14px;\"><u style=\"font-size: 14px;\">Computer tomogr\u00e1fi\u00e1s \/CT\/ vizsg\u00e1latok<br \/><\/u><\/strong>16 szeletes modern k\u00e9sz\u00fcl\u00e9kkel (Siemens Somatom Scope Power) koponya, nyaki l\u00e1gyr\u00e9sz, gerinc, mellkasi, has- \u00e9s kismedencei valamint v\u00e9gtagi vizsg\u00e1latokat v\u00e9gz\u00fcnk nat\u00edvan, illetve kontrasztanyag ad\u00e1s\u00e1t k\u00f6vet\u0151en.<\/p>\n<p style=\"background-color: #ffffff; font-size: 14px;\"><strong style=\"font-size: 14px;\"><u style=\"font-size: 14px;\">Mammogr\u00e1fia rendel\u00e9s<\/u><\/strong><strong style=\"font-size: 14px;\">:<\/strong>\u00a0jelenleg sz\u00fcnetel.<\/p>\n<p style=\"background-color: #ffffff; font-size: 14px;\"><strong style=\"font-size: 14px;\"><u style=\"font-size: 14px;\">\u00a0<\/u><\/strong><\/p>\n<p style=\"background-color: #ffffff; font-size: 14px;\">A radiol\u00f3giai vizsg\u00e1latok minden esetben beutal\u00f3 k\u00f6telesek.<\/p>\n<ul style=\"background-color: #ffffff; font-size: 14px;\">\n<li style=\"font-size: 14px;\">H\u00e1ziorvosi vagy szakorvosi beutal\u00f3 (hagyom\u00e1nyos radiol\u00f3giai vizsg\u00e1latok, Ultrahang vizsg\u00e1latok)<\/li>\n<li style=\"font-size: 14px;\">CT vizsg\u00e1latokra kiz\u00e1r\u00f3lag szakorvos adhat beutal\u00f3<\/li>\n<\/ul>\n<p style=\"background-color: #ffffff; font-size: 14px;\">A betegek radiol\u00f3giai vizsg\u00e1lat\u00e1ra el\u0151jegyz\u00e9s alapj\u00e1n, vagy el\u0151jegyz\u00e9s n\u00e9lk\u00fcl ker\u00fclhet sor. \u00a0\u00a0\u00a0\u00a0\u00a0\u00a0\u00a0\u00a0\u00a0\u00a0<\/p>\n<p style=\"background-color: #ffffff; font-size: 14px;\">El\u0151jegyz\u00e9s n\u00e9lk\u00fcl t\u00f6rt\u00e9nik a nat\u00edv r\u00f6ntgenfelv\u00e9telek elv\u00e9gz\u00e9se valamint a s\u00fcrg\u0151s betegek radiol\u00f3giai diagnosztikai ell\u00e1t\u00e1sa.<\/p>\n<p style=\"background-color: #ffffff; font-size: 14px;\">El\u0151jegyz\u00e9s alapj\u00e1n t\u00f6rt\u00e9nik a j\u00e1r\u00f3- \u00e9s fekv\u0151beteg ell\u00e1t\u00e1s keret\u00e9ben az ultrahang diagnosztika, a mammogr\u00e1fia, a Computer Tomographia (CT), a kontrasztos radiol\u00f3giai vizsg\u00e1latok, a mintav\u00e9teli elj\u00e1r\u00e1sok.<\/p>\n<ul style=\"background-color: #ffffff; font-size: 14px;\">\n<li style=\"font-size: 14px;\">CT el\u0151jegyz\u00e9s munkanapokon 7:00-15:00 \u00f3r\u00e1ig\u00a0 a +36 84 501 793<\/li>\n<li style=\"font-size: 14px;\">Ultrahang el\u0151jegyz\u00e9s munkanapokon 7:00-15:00 \u00f3r\u00e1ig\u00a0 a +36 84 501 793 telefonon<\/li>\n<li style=\"font-size: 14px;\">Kontrasztanyagos radiol\u00f3giai vizsg\u00e1latok el\u0151jegyz\u00e9s munkanapokon 8:00-14:00 a +36 84 501 785 telefonon<\/li>\n<\/ul>\n<p style=\"background-color: #ffffff; font-size: 14px;\"><strong style=\"font-size: 14px;\"><u style=\"font-size: 14px;\">Munkat\u00e1rsak:<\/u><\/strong><\/p>\n<p>\u00a0<\/p>\n\n\n<div style=\"background-color:#f2f2f2;color:#32373c\" class=\"wp-block-genesis-blocks-gb-profile-box square gb-has-avatar gb-font-size-18 gb-block-profile gb-profile-columns\"><div class=\"gb-profile-column gb-profile-avatar-wrap\"><div class=\"gb-profile-image-wrap\"><figure class=\"gb-profile-image-square\"><img loading=\"lazy\" decoding=\"async\" width=\"750\" height=\"603\" class=\"gb-profile-avatar wp-image-6378\" src=\"https:\/\/siokorhaz.hu\/wp-content\/uploads\/2025\/06\/Dr.NavazandehVahid-750x603-1.png\" alt=\"\" srcset=\"https:\/\/siokorhaz.hu\/wp-content\/uploads\/2025\/06\/Dr.NavazandehVahid-750x603-1.png 750w, https:\/\/siokorhaz.hu\/wp-content\/uploads\/2025\/06\/Dr.NavazandehVahid-750x603-1-300x241.png 300w\" sizes=\"auto, (max-width: 750px) 100vw, 750px\" \/><\/figure><\/div><\/div><div class=\"gb-profile-column gb-profile-content-wrap\"><h2 class=\"gb-profile-name\" style=\"color:#32373c\"><strong>Dr. Navazandeh Vahid<\/strong><\/h2><p class=\"gb-profile-title\" style=\"color:#32373c\"><small>\u00a0oszt\u00e1lyvezet\u0151 f\u0151orvos\u00a0<\/small><\/p><div class=\"gb-profile-text\"><\/div><ul class=\"gb-social-links\"><\/ul><\/div><\/div>\n\n\n\n<div style=\"color:#ddd\" class=\"wp-block-genesis-blocks-gb-spacer gb-block-spacer gb-divider-solid gb-divider-size-1\"><hr style=\"height:30px\"\/><\/div>\n\n\n\n<div style=\"background-color:#f2f2f2;color:#32373c\" class=\"wp-block-genesis-blocks-gb-profile-box square gb-has-avatar gb-font-size-18 gb-block-profile gb-profile-columns\"><div class=\"gb-profile-column gb-profile-avatar-wrap\"><div class=\"gb-profile-image-wrap\"><figure class=\"gb-profile-image-square\"><img loading=\"lazy\" decoding=\"async\" width=\"540\" height=\"679\" class=\"gb-profile-avatar wp-image-6377\" src=\"https:\/\/siokorhaz.hu\/wp-content\/uploads\/2025\/06\/MolnarPatricia-1-540x679-1.jpg\" alt=\"\" srcset=\"https:\/\/siokorhaz.hu\/wp-content\/uploads\/2025\/06\/MolnarPatricia-1-540x679-1.jpg 540w, https:\/\/siokorhaz.hu\/wp-content\/uploads\/2025\/06\/MolnarPatricia-1-540x679-1-239x300.jpg 239w\" sizes=\"auto, (max-width: 540px) 100vw, 540px\" \/><\/figure><\/div><\/div><div class=\"gb-profile-column gb-profile-content-wrap\"><h2 class=\"gb-profile-name\" style=\"color:#32373c\"><u><strong>Moln\u00e1r Patr\u00edcia<\/strong><\/u><\/h2><p class=\"gb-profile-title\" style=\"color:#32373c\"><small>vezet\u0151 asszisztens<\/small><\/p><div class=\"gb-profile-text\"><\/div><ul class=\"gb-social-links\"><\/ul><\/div><\/div>\n\n\n\n<h2 class=\"wp-block-heading\"><\/h2>\n\n\n\n<p><strong>Dr. Reichert Judit<\/strong><\/p>\n\n\n\n<p><strong>Dr. Satleghi Yasan<\/strong><\/p>\n\n\n\n<p><strong>Dr. Vincze Anna<\/strong><\/p>\n\n\n\n<p><strong>Dr. Barghi Kashani Marjan<\/strong><\/p>\n\n\n\n<p><strong>Dr. P\u00e1sztor Antal Tibor<\/strong><\/p>\n\n\n\n<p><strong>Dr. Ruzicska Soma<\/strong><\/p>\n\n\n\n<p><strong>Dr. Navazandeh Vahid oszt\u00e1lyvezet\u0151 f\u0151orvos:<\/strong><\/p>\n\n\n\n<p>Az orvosi tanulm\u00e1nyait 2002-ben a Debreceni Egyetem \u00c1ltal\u00e1nos Orvostudom\u00e1nyi Karon kezdte el, ahol 2010-ben szerezte meg az \u00e1ltal\u00e1nos orvosi diplom\u00e1j\u00e1t.<\/p>\n\n\n\n<p>Az egyetem elv\u00e9gz\u00e9se ut\u00e1n a Ny\u00edregyh\u00e1zai J\u00f3sa Andr\u00e1s Oktat\u00f3k\u00f3rh\u00e1z Radiol\u00f3gia oszt\u00e1ly\u00e1n dolgozott rezidensk\u00e9nt.<\/p>\n\n\n\n<p>2016 november\u00e9ben sikeres radiol\u00f3giai szakorvosi vizsg\u00e1t tett.<\/p>\n\n\n\n<p>2017.09.15-t\u0151l a Si\u00f3fok K\u00f3rh\u00e1z-Rendel\u0151int\u00e9zet Radiol\u00f3giai oszt\u00e1ly\u00e1nak munkat\u00e1rsa, ahol 2023. j\u00falius\u00e1t\u00f3l oszt\u00e1lyvezet\u0151i szerepet t\u00f6lt be.<\/p>\n\n\n\n<p><strong><u>Vezet\u0151 asszisztens: Moln\u00e1r Patr\u00edcia:<\/u><\/strong><\/p>\n\n\n\n<p>2015-ben a P\u00e9csi Tudom\u00e1nyegyetem Eg\u00e9szs\u00e9gtudom\u00e1nyi Kar\u00e1n, Orvosi laborat\u00f3riumi \u00e9s K\u00e9palkot\u00f3 diagnosztikai analitikusk\u00e9nt szerzett diplom\u00e1t.<\/p>\n\n\n\n<p>2015.08. 03. \u00f3ta a Si\u00f3fok K\u00f3rh\u00e1z-Rendel\u0151int\u00e9zet Radiol\u00f3gia oszt\u00e1ly\u00e1nak munkat\u00e1rsa, ahol 2023. j\u00faliust\u00f3l vezet\u0151 asszisztensi szerepet t\u00f6lt be.<\/p>\n\n\n\n<p>2023-ban a P\u00e9csi Tudom\u00e1nyegyetem Eg\u00e9szs\u00e9gtudom\u00e1nyi Kar\u00e1n, Eg\u00e9szs\u00e9g\u00fcgyi menedzser mesterdiplom\u00e1t szerzett.<\/p>\n\n\n\n<p><strong>Oszt\u00e1ly elhelyezked\u00e9se, el\u00e9rhet\u0151s\u00e9gek:<\/strong><\/p>\n\n\n\n<p>A Si\u00f3foki K\u00f3rh\u00e1z-Rendel\u0151int\u00e9zet<\/p>\n\n\n\n<p>8600 Si\u00f3fok, Semmelweis u. 1. F\u0151\u00e9p\u00fclet II. emelet \u201eC\u201d \u00e9s \u201eD\u201d sz\u00e1rny<\/p>\n\n\n\n<p>A f\u0151\u00e9p\u00fclet II. emelet \u201eC\u201d sz\u00e1rny\u00e1ban t\u00f6rt\u00e9nnek a hagyom\u00e1nyos r\u00f6ntgen vizsg\u00e1latok, valamint a mammogr\u00e1fia.<br>A f\u0151\u00e9p\u00fclet II. emelet \u201eD\u201d r\u00e9sz\u00e9n tal\u00e1lhat\u00f3 a CT (125. ajt\u00f3), illetve a k\u00e9t ultrahang vizsg\u00e1l\u00f3 (139. \u00e9s 142. ajt\u00f3).<br>E-mail: <a href=\"mailto:radiologia@siokorhaz.hu\">radiologia@siokorhaz.hu<\/a><\/p>\n\n\n\n<p>Telefon:<\/p>\n\n\n\n<p>R\u00f6ntgen: 06 84\/501-785<\/p>\n\n\n\n<p>Ultrahang: 06 84\/501-780<\/p>\n\n\n\n<p>CT: 06 84\/501-758<\/p>\n\n\n\n<p>Rendel\u00e9si id\u0151 (szakorvosi \u00f3ra):<\/p>\n\n\n\n<figure class=\"wp-block-table\"><table class=\"has-fixed-layout\"><tbody><tr><td><strong>Mammografia<\/strong><\/td><td>h\u00e9tf\u0151t\u0151l &#8211; p\u00e9ntekig: 10.00 &#8211; 12.00<\/td><\/tr><tr><td><strong>R\u00f6ntgen I. (C. sz\u00e1rny 2. em.)<\/strong><\/td><td>h\u00e9tf\u0151t\u0151l &#8211; p\u00e9ntekig: 08.00 &#8211; 13.00<\/td><\/tr><tr><td><strong>R\u00f6ntgen II. (C sz\u00e1rny 2. em.)<\/strong><\/td><td>h\u00e9tf\u0151t\u0151l &#8211; p\u00e9ntekig: 08.00 &#8211; 13.00<\/td><\/tr><tr><td><strong>CT<\/strong><\/td><td>h\u00e9tf\u0151t\u0151l &#8211; p\u00e9ntekig: 08.00 &#8211; 14.00<\/td><\/tr><tr><td><strong>UH I.<\/strong><\/td><td>h\u00e9tf\u0151t\u0151l &#8211; p\u00e9ntekig: 08.00 &#8211; 11.00<\/td><\/tr><tr><td><strong>UH II.<\/strong><\/td><td>h\u00e9tf\u0151t\u0151l &#8211; p\u00e9ntekig: 08.00 &#8211; 11.00<\/td><\/tr><\/tbody><\/table><\/figure>\n\n\n\n<p>Betegfogad\u00e1s:<\/p>\n\n\n\n<p>H\u00e9tf\u0151- p\u00e9ntek 8.00 \u00f3r\u00e1t\u00f3l 15.00 \u00f3r\u00e1ig.<\/p>\n\n\n\n<p>Munkanapokon d\u00e9lut\u00e1n 15.00 \u00f3r\u00e1t\u00f3l reggel 08.00 \u00f3r\u00e1ig, valamint szombat, vas\u00e1rnap \u00e9s \u00fcnnepnapokon szakasszisztensi \u00fcgyelet \u00e9s orvosi k\u00e9szenl\u00e9ti szolg\u00e1lat m\u0171k\u00f6dik.<\/p>\n\n\n<div data-post-id=\"5461\" class=\"insert-page insert-page-5461 \"><h3>Radiol\u00f3gia<\/h3><h4>Si\u00f3foki K\u00f3rh\u00e1z-Rendel\u0151int\u00e9zet<\/h4><p><a href=\"#\">8600 Si\u00f3fok, Semmelweis u. 1. F\u0151\u00e9p\u00fclet, C sz\u00e1rny, 2. emelet\u00a0<\/a><\/p><p><a href=\"mailto:radiologia@siokorhaz.hu\">radiologia@siokorhaz.hu<\/a><\/p><p><a href=\"tel:+36 84 501 785\">+36 84 501 785<\/a><\/p>\t\t\n\t\t\t\t\t\t\t\t\t\t\t\t\t\t\t<img loading=\"lazy\" decoding=\"async\" width=\"1024\" height=\"724\" src=\"https:\/\/siokorhaz.hu\/wp-content\/uploads\/2025\/01\/korhaz_epuletek-1024x724.png\" alt=\"\" srcset=\"https:\/\/siokorhaz.hu\/wp-content\/uploads\/2025\/01\/korhaz_epuletek-1024x724.png 1024w, https:\/\/siokorhaz.hu\/wp-content\/uploads\/2025\/01\/korhaz_epuletek-300x212.png 300w, https:\/\/siokorhaz.hu\/wp-content\/uploads\/2025\/01\/korhaz_epuletek-768x543.png 768w, https:\/\/siokorhaz.hu\/wp-content\/uploads\/2025\/01\/korhaz_epuletek-750x530.png 750w, https:\/\/siokorhaz.hu\/wp-content\/uploads\/2025\/01\/korhaz_epuletek-540x382.png 540w, https:\/\/siokorhaz.hu\/wp-content\/uploads\/2025\/01\/korhaz_epuletek.png 1110w\" sizes=\"auto, (max-width: 1024px) 100vw, 1024px\" \/><\/div>\n","protected":false},"excerpt":{"rendered":"<p>Radiol\u00f3giai Oszt\u00e1ly A Si\u00f3foki K\u00f3rh\u00e1z- Rendel\u0151int\u00e9zet Radiol\u00f3gia Oszt\u00e1lya az int\u00e9zm\u00e9nyben a F\u0151\u00e9p\u00fclet II. emelet \u201eC\u201d \u00e9s \u201eD\u201d sz\u00e1rny\u00e1n helyezkedik el. Oszt\u00e1lyunk orvosai \u00e9s szakdolgoz\u00f3i a szakter\u00fclet \u00e9vek-\u00e9vtizedek \u00f3ta dolgoznak, a radiol\u00f3giai vizsg\u00e1latokban kell\u0151 szakmai j\u00e1rtass\u00e1ggal rendelkeznek. A s\u00fcrg\u0151ss\u00e9gi k\u00e9palkot\u00f3 vizsg\u00e1latok 24 \u00f3r\u00e1s folyamatos munkarendben t\u00f6rt\u00e9nnek. A Radiol\u00f3gia oszt\u00e1ly tev\u00e9kenys\u00e9gi k\u00f6re: Hagyom\u00e1nyos radiol\u00f3giai vizsg\u00e1latok, ezen bel\u00fcl [&hellip;]<\/p>\n","protected":false},"author":1,"featured_media":5514,"parent":0,"menu_order":0,"comment_status":"closed","ping_status":"closed","template":"","meta":{"_genesis_hide_title":false,"_genesis_hide_breadcrumbs":false,"_genesis_hide_singular_image":false,"_genesis_hide_footer_widgets":false,"_genesis_custom_body_class":"","_genesis_custom_post_class":"","_genesis_layout":"","footnotes":""},"class_list":{"0":"post-3975","1":"page","2":"type-page","3":"status-publish","4":"has-post-thumbnail","6":"entry"},"featured_image_src":"https:\/\/siokorhaz.hu\/wp-content\/uploads\/2025\/02\/radiology-utsw-banner-600x338-1.jpg","featured_image_src_square":"https:\/\/siokorhaz.hu\/wp-content\/uploads\/2025\/02\/radiology-utsw-banner-600x338-1.jpg","_links":{"self":[{"href":"https:\/\/siokorhaz.hu\/index.php?rest_route=\/wp\/v2\/pages\/3975","targetHints":{"allow":["GET"]}}],"collection":[{"href":"https:\/\/siokorhaz.hu\/index.php?rest_route=\/wp\/v2\/pages"}],"about":[{"href":"https:\/\/siokorhaz.hu\/index.php?rest_route=\/wp\/v2\/types\/page"}],"author":[{"embeddable":true,"href":"https:\/\/siokorhaz.hu\/index.php?rest_route=\/wp\/v2\/users\/1"}],"replies":[{"embeddable":true,"href":"https:\/\/siokorhaz.hu\/index.php?rest_route=%2Fwp%2Fv2%2Fcomments&post=3975"}],"version-history":[{"count":1,"href":"https:\/\/siokorhaz.hu\/index.php?rest_route=\/wp\/v2\/pages\/3975\/revisions"}],"predecessor-version":[{"id":6379,"href":"https:\/\/siokorhaz.hu\/index.php?rest_route=\/wp\/v2\/pages\/3975\/revisions\/6379"}],"wp:featuredmedia":[{"embeddable":true,"href":"https:\/\/siokorhaz.hu\/index.php?rest_route=\/wp\/v2\/media\/5514"}],"wp:attachment":[{"href":"https:\/\/siokorhaz.hu\/index.php?rest_route=%2Fwp%2Fv2%2Fmedia&parent=3975"}],"curies":[{"name":"wp","href":"https:\/\/api.w.org\/{rel}","templated":true}]}}