{"id":3956,"date":"2025-01-30T14:06:40","date_gmt":"2025-01-30T13:06:40","guid":{"rendered":"http:\/\/169.254.1.50\/?page_id=3956"},"modified":"2025-06-16T19:13:55","modified_gmt":"2025-06-16T19:13:55","slug":"hematologia-es-vertranszfuzios-osztaly","status":"publish","type":"page","link":"https:\/\/siokorhaz.hu\/?page_id=3956","title":{"rendered":"Hematol\u00f3gia \u00e9s V\u00e9rtranszf\u00fazi\u00f3s oszt\u00e1ly"},"content":{"rendered":"<p><strong>Haemostasis szakrendel\u00e9s<\/strong><\/p>\n<p>A szakrendel\u00e9s tev\u00e9kenys\u00e9ge:<\/p>\n<ul>\n<li>Tromb\u00f3zison \u00e9s emb\u00f3li\u00e1n \u00e1tesett betegek ut\u00f3gondoz\u00e1sa<\/li>\n<li>Haemostasis zavarok kivizsg\u00e1l\u00e1sa<\/li>\n<li>V\u00e9rh\u00edg\u00edt\u00f3 gy\u00f3gyszerek javaslat\u00e1nak kiad\u00e1sa<\/li>\n<li>Konzult\u00e1ci\u00f3<\/li>\n<\/ul>\n<p><strong>Haematol\u00f3giai szakrendel\u00e9s<\/strong><\/p>\n<p>A szakrendel\u00e9s tev\u00e9kenys\u00e9ge:<\/p>\n<ul>\n<li>Kismam\u00e1knak v\u00e9rv\u00e9tel, v\u00e9rcsoport + Rh meghat\u00e1roz\u00e1s<\/li>\n<li>H\u00e1ziorvosokt\u00f3l vagy szakrendel\u00e9sekr\u0151l \u00e9rkez\u0151 betegek v\u00e9rv\u00e9tele, v\u00e9rcsoport + Rh meghat\u00e1roz\u00e1s<\/li>\n<\/ul>\n<p><strong>Beutal\u00e1s rendje<\/strong><\/p>\n<p>A szakrendel\u00e9s beutal\u00f3 k\u00f6teles, id\u0151pont egyeztet\u00e9s sz\u00fcks\u00e9ges a k\u00f6zponti betegir\u00e1ny\u00edt\u00e1si rendszeren kereszt\u00fcl.<\/p>\n<p><\/p>\n<p class=\"has-text-align-center\"><strong>Rendel\u0151 orvosaink<\/strong><\/p>\n<p> <\/p>\n<figure class=\"wp-block-table\">\n<table class=\"has-fixed-layout\">\n<thead>\n<tr>\n<th>h\u00e9tf\u0151<\/th>\n<th>kedd<\/th>\n<th>szerda<\/th>\n<th>cs\u00fct\u00f6rt\u00f6k<\/th>\n<th>p\u00e9ntek<\/th>\n<\/tr>\n<\/thead>\n<tbody>\n<tr>\n<td>\u00a0<\/td>\n<td>\u00a0<\/td>\n<td>\n<table width=\"272\">\n<tbody>\n<tr>\n<td width=\"272\">Dr. Sz\u00e9pv\u00f6lgyi Anik\u00f3<\/td>\n<\/tr>\n<\/tbody>\n<\/table>\n<\/td>\n<td>\u00a0<\/td>\n<td>\u00a0<\/td>\n<\/tr>\n<\/tbody>\n<\/table>\n<\/figure>\n<p><\/p>\n\n\n<div style=\"background-color:#f2f2f2;color:#32373c\" class=\"wp-block-genesis-blocks-gb-profile-box square gb-has-avatar gb-font-size-18 gb-block-profile gb-profile-columns\"><div class=\"gb-profile-column gb-profile-avatar-wrap\"><div class=\"gb-profile-image-wrap\"><figure class=\"gb-profile-image-square\"><img loading=\"lazy\" decoding=\"async\" width=\"200\" height=\"300\" class=\"gb-profile-avatar wp-image-6150\" src=\"https:\/\/siokorhaz.hu\/wp-content\/uploads\/2025\/05\/dr_szepvolgyi_aniko-200x300-1.jpg\" alt=\"\"\/><\/figure><\/div><\/div><div class=\"gb-profile-column gb-profile-content-wrap\"><h2 class=\"gb-profile-name\" style=\"color:#32373c\"><a>Dr. Sz\u00e9pv\u00f6lgyi Anik\u00f3<\/a><\/h2><p class=\"gb-profile-title\" style=\"color:#32373c\"><small>oszt\u00e1lyvezet\u0151 f\u0151orvos<\/small><\/p><div class=\"gb-profile-text\"><\/div><ul class=\"gb-social-links\"><\/ul><\/div><\/div>\n\n\n\n<div style=\"color:#32373c;background-color:#00d1b2\" class=\"wp-block-genesis-blocks-gb-notice gb-font-size-18 gb-block-notice\" data-id=\"5e5432\"><div class=\"gb-notice-text\" style=\"border-color:#00d1b2\"><div data-post-id=\"5431\" class=\"insert-page insert-page-5431 \"><h4>Hematol\u00f3gia \u00e9s V\u00e9rtranszf\u00fazi\u00f3s oszt\u00e1ly<\/h4><h6>Si\u00f3foki K\u00f3rh\u00e1z-Rendel\u0151int\u00e9zet<\/h6><p><a href=\"#\">8600 Si\u00f3fok, Semmelweis u. 1. E \u00e9p\u00fclet f\u00f6ldszint<\/a><\/p><p><a href=\"mailto:verellato@siokorhaz.hu\">verellato@siokorhaz.hu<\/a><\/p><p><a href=\"tel:+36 84 501 764\">+36 84 501 764<\/a><\/p><p><a href=\"tel:+36 84 501 751\">+36 84 501 751<\/a><\/p><p><strong>Rendel\u00e9si id\u0151<\/strong><\/p><p>Kedd:<\/p><p>09.00 \u2013 12.00 \/vizsg\u00e1lat, szakorvosi javaslat kiad\u00e1sa\/<\/p><p>Szerda:<\/p><p>08.00 \u2013 10.00 \/v\u00e9rv\u00e9tel\/<\/p><p>10.00 \u2013 13.00 \/vizsg\u00e1lat, szakorvosi javaslat kiad\u00e1sa\/<\/p>\t\t\n\t\t\t\t\t\t\t\t\t\t\t\t\t\t\t<img loading=\"lazy\" decoding=\"async\" width=\"1024\" height=\"724\" src=\"https:\/\/siokorhaz.hu\/wp-content\/uploads\/2025\/01\/korhaz_epuletek-1024x724.png\" alt=\"\" srcset=\"https:\/\/siokorhaz.hu\/wp-content\/uploads\/2025\/01\/korhaz_epuletek-1024x724.png 1024w, https:\/\/siokorhaz.hu\/wp-content\/uploads\/2025\/01\/korhaz_epuletek-300x212.png 300w, https:\/\/siokorhaz.hu\/wp-content\/uploads\/2025\/01\/korhaz_epuletek-768x543.png 768w, https:\/\/siokorhaz.hu\/wp-content\/uploads\/2025\/01\/korhaz_epuletek-750x530.png 750w, https:\/\/siokorhaz.hu\/wp-content\/uploads\/2025\/01\/korhaz_epuletek-540x382.png 540w, https:\/\/siokorhaz.hu\/wp-content\/uploads\/2025\/01\/korhaz_epuletek.png 1110w\" sizes=\"auto, (max-width: 1024px) 100vw, 1024px\" \/><\/div>\n<\/div><\/div>\n","protected":false},"excerpt":{"rendered":"<p>Haemostasis szakrendel\u00e9s A szakrendel\u00e9s tev\u00e9kenys\u00e9ge: Tromb\u00f3zison \u00e9s emb\u00f3li\u00e1n \u00e1tesett betegek ut\u00f3gondoz\u00e1sa Haemostasis zavarok kivizsg\u00e1l\u00e1sa V\u00e9rh\u00edg\u00edt\u00f3 gy\u00f3gyszerek javaslat\u00e1nak kiad\u00e1sa Konzult\u00e1ci\u00f3 Haematol\u00f3giai szakrendel\u00e9s A szakrendel\u00e9s tev\u00e9kenys\u00e9ge: Kismam\u00e1knak v\u00e9rv\u00e9tel, v\u00e9rcsoport + Rh meghat\u00e1roz\u00e1s H\u00e1ziorvosokt\u00f3l vagy szakrendel\u00e9sekr\u0151l \u00e9rkez\u0151 betegek v\u00e9rv\u00e9tele, v\u00e9rcsoport + Rh meghat\u00e1roz\u00e1s Beutal\u00e1s rendje A szakrendel\u00e9s beutal\u00f3 k\u00f6teles, id\u0151pont egyeztet\u00e9s sz\u00fcks\u00e9ges a k\u00f6zponti betegir\u00e1ny\u00edt\u00e1si rendszeren kereszt\u00fcl. Rendel\u0151 [&hellip;]<\/p>\n","protected":false},"author":1,"featured_media":5508,"parent":0,"menu_order":0,"comment_status":"closed","ping_status":"closed","template":"","meta":{"_genesis_hide_title":false,"_genesis_hide_breadcrumbs":false,"_genesis_hide_singular_image":false,"_genesis_hide_footer_widgets":false,"_genesis_custom_body_class":"","_genesis_custom_post_class":"","_genesis_layout":"","footnotes":""},"class_list":{"0":"post-3956","1":"page","2":"type-page","3":"status-publish","4":"has-post-thumbnail","6":"entry"},"featured_image_src":"https:\/\/siokorhaz.hu\/wp-content\/uploads\/2025\/02\/hemoglobin-in-hindi-1-600x400.webp","featured_image_src_square":"https:\/\/siokorhaz.hu\/wp-content\/uploads\/2025\/02\/hemoglobin-in-hindi-1-600x400.webp","_links":{"self":[{"href":"https:\/\/siokorhaz.hu\/index.php?rest_route=\/wp\/v2\/pages\/3956","targetHints":{"allow":["GET"]}}],"collection":[{"href":"https:\/\/siokorhaz.hu\/index.php?rest_route=\/wp\/v2\/pages"}],"about":[{"href":"https:\/\/siokorhaz.hu\/index.php?rest_route=\/wp\/v2\/types\/page"}],"author":[{"embeddable":true,"href":"https:\/\/siokorhaz.hu\/index.php?rest_route=\/wp\/v2\/users\/1"}],"replies":[{"embeddable":true,"href":"https:\/\/siokorhaz.hu\/index.php?rest_route=%2Fwp%2Fv2%2Fcomments&post=3956"}],"version-history":[{"count":4,"href":"https:\/\/siokorhaz.hu\/index.php?rest_route=\/wp\/v2\/pages\/3956\/revisions"}],"predecessor-version":[{"id":6668,"href":"https:\/\/siokorhaz.hu\/index.php?rest_route=\/wp\/v2\/pages\/3956\/revisions\/6668"}],"wp:featuredmedia":[{"embeddable":true,"href":"https:\/\/siokorhaz.hu\/index.php?rest_route=\/wp\/v2\/media\/5508"}],"wp:attachment":[{"href":"https:\/\/siokorhaz.hu\/index.php?rest_route=%2Fwp%2Fv2%2Fmedia&parent=3956"}],"curies":[{"name":"wp","href":"https:\/\/api.w.org\/{rel}","templated":true}]}}