{"id":3934,"date":"2025-01-30T13:08:53","date_gmt":"2025-01-30T12:08:53","guid":{"rendered":"http:\/\/169.254.1.50\/?page_id=3934"},"modified":"2025-06-18T09:41:54","modified_gmt":"2025-06-18T09:41:54","slug":"urologia","status":"publish","type":"page","link":"https:\/\/siokorhaz.hu\/?page_id=3934","title":{"rendered":"Urol\u00f3gia"},"content":{"rendered":"<p><strong>Int\u00e9zm\u00e9ny\u00fcnkben az urol\u00f3giai fekv\u0151betegek ell\u00e1t\u00e1sa a Seb\u00e9szeti t\u00edpus\u00fa m\u00e1trix oszt\u00e1ly urol\u00f3giai r\u00e9szleg\u00e9n t\u00f6rt\u00e9nik, mely 20 \u00e1gyon m\u0171k\u00f6dik Dr. V\u0151neky \u00c1kos r\u00e9szlegvezet\u0151 f\u0151orvos ir\u00e1ny\u00edt\u00e1s\u00e1val.<\/strong><\/p>\n<p>A betegek ell\u00e1t\u00e1s\u00e1t az oszt\u00e1lyon a legmodernebb elj\u00e1r\u00e1sokkal, lehet\u0151s\u00e9g szerint a nagy metsz\u00e9seket elker\u00fclve laparoscopos, illetve endoscopos, l\u00e9zeres, &#8211; k\u00f6vek eset\u00e9n &#8211; k\u00fcls\u0151 behatol\u00e1st nem ig\u00e9nyl\u0151 k\u0151t\u00f6r\u0151 (ESWL) m\u0171t\u00e9ttel v\u00e9gezz\u00fck. Ny\u00edlt m\u0171t\u00e9tre oszt\u00e1lyunkon egyre ritk\u00e1bb esetben ker\u00fcl sor. A m\u0171t\u00e9ti tev\u00e9kenys\u00e9g\u00fcnk (f\u00e9rfi nemi szervek, prosztata, a f\u00e9rfi \u00e9s n\u0151i als\u00f3 \u00e9s fels\u0151 h\u00fagy\u00fati szervek) az urol\u00f3gi\u00e1ban v\u00e9gzett m\u0171t\u00e9tek nagy r\u00e9sz\u00e9re terjed ki. Betegek tov\u00e1bbk\u00fcld\u00e9s\u00e9re csak a viszonylag ritk\u00e1n el\u0151fordul\u00f3, csak klinikai centrumban v\u00e9gezhet\u0151 m\u0171t\u00e9tek eset\u00e9ben k\u00e9nyszer\u00fcl\u00fcnk. \u00dajdons\u00e1g, hogy a n\u0151k sz\u00e1m\u00e1ra a k\u00f6h\u00f6g\u00e9s \u00e9s t\u00fcsszent\u00e9sre jelentkez\u0151 vizelettart\u00e1si probl\u00e9m\u00e1kra a legmodernebb szalagm\u0171t\u00e9teket is bevezett\u00fck, melyre ezt megel\u0151z\u0151en csak igen t\u00e1voli k\u00f3rh\u00e1zakban \u00e9s klinik\u00e1kon volt lehet\u0151s\u00e9g.<\/p>\n<p><strong>Orvosok:<\/strong><\/p>\n<\/p>\n\n\n<div style=\"background-color:#f2f2f2;color:#32373c\" class=\"wp-block-genesis-blocks-gb-profile-box square gb-has-avatar gb-font-size-18 gb-block-profile gb-profile-columns\"><div class=\"gb-profile-column gb-profile-avatar-wrap\"><div class=\"gb-profile-image-wrap\"><figure class=\"gb-profile-image-square\"><img loading=\"lazy\" decoding=\"async\" width=\"384\" height=\"512\" class=\"gb-profile-avatar wp-image-6187\" src=\"https:\/\/siokorhaz.hu\/wp-content\/uploads\/2025\/05\/Head_physician.png\" alt=\"\" srcset=\"https:\/\/siokorhaz.hu\/wp-content\/uploads\/2025\/05\/Head_physician.png 384w, https:\/\/siokorhaz.hu\/wp-content\/uploads\/2025\/05\/Head_physician-225x300.png 225w\" sizes=\"auto, (max-width: 384px) 100vw, 384px\" \/><\/figure><\/div><\/div><div class=\"gb-profile-column gb-profile-content-wrap\"><h2 class=\"gb-profile-name\" style=\"color:#32373c\"><strong>Dr. V\u0151neky \u00c1kos<\/strong><\/h2><p class=\"gb-profile-title\" style=\"color:#32373c\">urol\u00f3gus f\u0151orvos<\/p><div class=\"gb-profile-text\">r\u00e9szlegvezet\u0151<\/div><ul class=\"gb-social-links\"><\/ul><\/div><\/div>\n\n\n\n<div style=\"color:#ddd\" class=\"wp-block-genesis-blocks-gb-spacer gb-block-spacer gb-divider-solid gb-divider-size-1\"><hr style=\"height:30px\"\/><\/div>\n\n\n\n<div style=\"background-color:#f2f2f2;color:#32373c\" class=\"wp-block-genesis-blocks-gb-profile-box square gb-has-avatar gb-font-size-18 gb-block-profile gb-profile-columns\"><div class=\"gb-profile-column gb-profile-avatar-wrap\"><div class=\"gb-profile-image-wrap\"><figure class=\"gb-profile-image-square\"><img loading=\"lazy\" decoding=\"async\" width=\"384\" height=\"512\" class=\"gb-profile-avatar wp-image-6187\" src=\"https:\/\/siokorhaz.hu\/wp-content\/uploads\/2025\/05\/Head_physician.png\" alt=\"\" srcset=\"https:\/\/siokorhaz.hu\/wp-content\/uploads\/2025\/05\/Head_physician.png 384w, https:\/\/siokorhaz.hu\/wp-content\/uploads\/2025\/05\/Head_physician-225x300.png 225w\" sizes=\"auto, (max-width: 384px) 100vw, 384px\" \/><\/figure><\/div><\/div><div class=\"gb-profile-column gb-profile-content-wrap\"><h2 class=\"gb-profile-name\" style=\"color:#32373c\"><strong>Dr. Perj\u00e9s G\u00e1bor<\/strong><\/h2><p class=\"gb-profile-title\" style=\"color:#32373c\">&nbsp;urol\u00f3gus szakorvos<\/p><div class=\"gb-profile-text\"><\/div><ul class=\"gb-social-links\"><\/ul><\/div><\/div>\n\n\n\n<div style=\"color:#ddd\" class=\"wp-block-genesis-blocks-gb-spacer gb-block-spacer gb-divider-solid gb-divider-size-1\"><hr style=\"height:30px\"\/><\/div>\n\n\n\n<div style=\"background-color:#f2f2f2;color:#32373c\" class=\"wp-block-genesis-blocks-gb-profile-box square gb-has-avatar gb-font-size-18 gb-block-profile gb-profile-columns\"><div class=\"gb-profile-column gb-profile-avatar-wrap\"><div class=\"gb-profile-image-wrap\"><figure class=\"gb-profile-image-square\"><img loading=\"lazy\" decoding=\"async\" width=\"256\" height=\"256\" class=\"gb-profile-avatar wp-image-6192\" src=\"https:\/\/siokorhaz.hu\/wp-content\/uploads\/2025\/05\/Icons-Land-Medical-People-Doctor-Female.256.png\" alt=\"\" srcset=\"https:\/\/siokorhaz.hu\/wp-content\/uploads\/2025\/05\/Icons-Land-Medical-People-Doctor-Female.256.png 256w, https:\/\/siokorhaz.hu\/wp-content\/uploads\/2025\/05\/Icons-Land-Medical-People-Doctor-Female.256-150x150.png 150w\" sizes=\"auto, (max-width: 256px) 100vw, 256px\" \/><\/figure><\/div><\/div><div class=\"gb-profile-column gb-profile-content-wrap\"><h2 class=\"gb-profile-name\" style=\"color:#32373c\"><strong>Dr. Horv\u00e1th Zsuzsanna<\/strong><\/h2><p class=\"gb-profile-title\" style=\"color:#32373c\">&nbsp;urol\u00f3gus szakorvos<\/p><div class=\"gb-profile-text\"><\/div><ul class=\"gb-social-links\"><\/ul><\/div><\/div>\n\n\n\n<div style=\"color:#ddd\" class=\"wp-block-genesis-blocks-gb-spacer gb-block-spacer gb-divider-solid gb-divider-size-1\"><hr style=\"height:30px\"\/><\/div>\n\n\n\n<div style=\"color:#ddd\" class=\"wp-block-genesis-blocks-gb-spacer gb-block-spacer gb-divider-solid gb-divider-size-1\"><hr style=\"height:30px\"\/><\/div>\n\n\n\n<div style=\"color:#32373c;background-color:#00d1b2\" class=\"wp-block-genesis-blocks-gb-notice gb-font-size-18 gb-block-notice\" data-id=\"5e5432\"><div class=\"gb-notice-text\" style=\"border-color:#00d1b2\"><div data-post-id=\"5400\" class=\"insert-page insert-page-5400 \"><h3>Urol\u00f3gia<\/h3><h4>Si\u00f3foki K\u00f3rh\u00e1z-Rendel\u0151int\u00e9zet<\/h4><p><a href=\"#\">8600 Si\u00f3fok, Semmelweis u. 1. F\u0151\u00e9p\u00fclet, 2. emelet B sz\u00e1rny<\/a><\/p><p><a href=\"mailto:sebeszet@siokorhaz.hu\">sebeszet@siokorhaz.hu<\/a><\/p><p><a href=\"tel:+36 84 501 725\">+36 84 501 725<\/a><\/p>\t\t\n\t\t\t\t\t\t\t\t\t\t\t\t\t\t\t<img loading=\"lazy\" decoding=\"async\" width=\"1024\" height=\"724\" src=\"https:\/\/siokorhaz.hu\/wp-content\/uploads\/2025\/01\/korhaz_epuletek-1024x724.png\" alt=\"\" srcset=\"https:\/\/siokorhaz.hu\/wp-content\/uploads\/2025\/01\/korhaz_epuletek-1024x724.png 1024w, https:\/\/siokorhaz.hu\/wp-content\/uploads\/2025\/01\/korhaz_epuletek-300x212.png 300w, https:\/\/siokorhaz.hu\/wp-content\/uploads\/2025\/01\/korhaz_epuletek-768x543.png 768w, https:\/\/siokorhaz.hu\/wp-content\/uploads\/2025\/01\/korhaz_epuletek-750x530.png 750w, https:\/\/siokorhaz.hu\/wp-content\/uploads\/2025\/01\/korhaz_epuletek-540x382.png 540w, https:\/\/siokorhaz.hu\/wp-content\/uploads\/2025\/01\/korhaz_epuletek.png 1110w\" sizes=\"auto, (max-width: 1024px) 100vw, 1024px\" \/><\/div>\n<\/div><\/div>\n","protected":false},"excerpt":{"rendered":"<p>Int\u00e9zm\u00e9ny\u00fcnkben az urol\u00f3giai fekv\u0151betegek ell\u00e1t\u00e1sa a Seb\u00e9szeti t\u00edpus\u00fa m\u00e1trix oszt\u00e1ly urol\u00f3giai r\u00e9szleg\u00e9n t\u00f6rt\u00e9nik, mely 20 \u00e1gyon m\u0171k\u00f6dik Dr. V\u0151neky \u00c1kos r\u00e9szlegvezet\u0151 f\u0151orvos ir\u00e1ny\u00edt\u00e1s\u00e1val. A betegek ell\u00e1t\u00e1s\u00e1t az oszt\u00e1lyon a legmodernebb elj\u00e1r\u00e1sokkal, lehet\u0151s\u00e9g szerint a nagy metsz\u00e9seket elker\u00fclve laparoscopos, illetve endoscopos, l\u00e9zeres, &#8211; k\u00f6vek eset\u00e9n &#8211; k\u00fcls\u0151 behatol\u00e1st nem ig\u00e9nyl\u0151 k\u0151t\u00f6r\u0151 (ESWL) m\u0171t\u00e9ttel v\u00e9gezz\u00fck. Ny\u00edlt m\u0171t\u00e9tre [&hellip;]<\/p>\n","protected":false},"author":1,"featured_media":6366,"parent":0,"menu_order":0,"comment_status":"closed","ping_status":"closed","template":"","meta":{"_genesis_hide_title":false,"_genesis_hide_breadcrumbs":false,"_genesis_hide_singular_image":false,"_genesis_hide_footer_widgets":false,"_genesis_custom_body_class":"","_genesis_custom_post_class":"","_genesis_layout":"","footnotes":""},"class_list":{"0":"post-3934","1":"page","2":"type-page","3":"status-publish","4":"has-post-thumbnail","6":"entry"},"featured_image_src":"https:\/\/siokorhaz.hu\/wp-content\/uploads\/2025\/06\/Alliance-Urology_Common-Urology-Procedures-600x400.jpeg","featured_image_src_square":"https:\/\/siokorhaz.hu\/wp-content\/uploads\/2025\/06\/Alliance-Urology_Common-Urology-Procedures-600x600.jpeg","_links":{"self":[{"href":"https:\/\/siokorhaz.hu\/index.php?rest_route=\/wp\/v2\/pages\/3934","targetHints":{"allow":["GET"]}}],"collection":[{"href":"https:\/\/siokorhaz.hu\/index.php?rest_route=\/wp\/v2\/pages"}],"about":[{"href":"https:\/\/siokorhaz.hu\/index.php?rest_route=\/wp\/v2\/types\/page"}],"author":[{"embeddable":true,"href":"https:\/\/siokorhaz.hu\/index.php?rest_route=\/wp\/v2\/users\/1"}],"replies":[{"embeddable":true,"href":"https:\/\/siokorhaz.hu\/index.php?rest_route=%2Fwp%2Fv2%2Fcomments&post=3934"}],"version-history":[{"count":4,"href":"https:\/\/siokorhaz.hu\/index.php?rest_route=\/wp\/v2\/pages\/3934\/revisions"}],"predecessor-version":[{"id":6693,"href":"https:\/\/siokorhaz.hu\/index.php?rest_route=\/wp\/v2\/pages\/3934\/revisions\/6693"}],"wp:featuredmedia":[{"embeddable":true,"href":"https:\/\/siokorhaz.hu\/index.php?rest_route=\/wp\/v2\/media\/6366"}],"wp:attachment":[{"href":"https:\/\/siokorhaz.hu\/index.php?rest_route=%2Fwp%2Fv2%2Fmedia&parent=3934"}],"curies":[{"name":"wp","href":"https:\/\/api.w.org\/{rel}","templated":true}]}}