{"id":3843,"date":"2025-01-29T14:20:44","date_gmt":"2025-01-29T13:20:44","guid":{"rendered":"http:\/\/169.254.1.50\/?page_id=3843"},"modified":"2025-01-29T14:20:44","modified_gmt":"2025-01-29T13:20:44","slug":"kozponti-muto","status":"publish","type":"page","link":"https:\/\/siokorhaz.hu\/?page_id=3843","title":{"rendered":"K\u00f6zponti m\u0171t\u0151"},"content":{"rendered":"<p><strong>2016.05.01. -tol a K\u00f6zponti M\u0171t\u0151 \u00f6n\u00e1ll\u00f3 szervezeti egys\u00e9gk\u00e9nt m\u0171k\u00f6dik Int\u00e9zm\u00e9ny\u00fcnkben.<\/strong><\/p>\n<p>Oszt\u00e1lyvezet\u0151 f\u0151orvos : Dr. Nagy \u00c1kos Gy\u00f6rgy<br \/>Vezet\u0151 m\u0171t\u0151s szakasszisztens : Lacz\u00f3 Brigitta\u00a0<br \/>\u00a0<br \/><u>M\u0171t\u0151k Tagoz\u00f3d\u00e1sa:<\/u><\/p>\n<ul>\n<li>K\u00f6zponti M\u0171t\u0151 ( Seb\u00e9szet, Traumatol\u00f3gia, Urol\u00f3gia, N\u0151gy\u00f3gy\u00e1szat) 4 m\u0171t\u0151<\/li>\n<li>Sz\u00fcl\u00e9szet- n\u0151gy\u00f3gy\u00e1szat oszt\u00e1ly 2 m\u0171t\u0151 (cs\u00e1sz\u00e1r, kis m\u0171t\u0151)<\/li>\n<li>F\u00fcl-Orr-G\u00e9g\u00e9szet oszt\u00e1ly 1 m\u0171t\u0151<\/li>\n<li>Szem\u00e9szet oszt\u00e1ly 1 m\u0171t\u0151<\/li>\n<\/ul>\n<p>\u00a0<br \/>Oszt\u00e1lyunk feladata az elekt\u00edv\u00a0 illetve az akut m\u0171t\u00e9ti betegell\u00e1t\u00e1s.<br \/>Napk\u00f6zben 7.30-15.30 -ig majd \u00fcgyeleti ell\u00e1t\u00e1s val\u00f3sul meg.<br \/>A m\u0171t\u0151i program el\u0151jegyz\u00e9s alapj\u00e1n t\u00f6rt\u00e9nik.<br \/>Oszt\u00e1lyunk feladata lehet\u0151s\u00e9g szerinti legmagasabb szint\u0171 seb\u00e9szeti ell\u00e1t\u00e1s biztos\u00edt\u00e1sa.<\/p>\n","protected":false},"excerpt":{"rendered":"<p>2016.05.01. -tol a K\u00f6zponti M\u0171t\u0151 \u00f6n\u00e1ll\u00f3 szervezeti egys\u00e9gk\u00e9nt m\u0171k\u00f6dik Int\u00e9zm\u00e9ny\u00fcnkben. Oszt\u00e1lyvezet\u0151 f\u0151orvos : Dr. Nagy \u00c1kos Gy\u00f6rgyVezet\u0151 m\u0171t\u0151s szakasszisztens : Lacz\u00f3 Brigitta\u00a0\u00a0M\u0171t\u0151k Tagoz\u00f3d\u00e1sa: K\u00f6zponti M\u0171t\u0151 ( Seb\u00e9szet, Traumatol\u00f3gia, Urol\u00f3gia, N\u0151gy\u00f3gy\u00e1szat) 4 m\u0171t\u0151 Sz\u00fcl\u00e9szet- n\u0151gy\u00f3gy\u00e1szat oszt\u00e1ly 2 m\u0171t\u0151 (cs\u00e1sz\u00e1r, kis m\u0171t\u0151) F\u00fcl-Orr-G\u00e9g\u00e9szet oszt\u00e1ly 1 m\u0171t\u0151 Szem\u00e9szet oszt\u00e1ly 1 m\u0171t\u0151 \u00a0Oszt\u00e1lyunk feladata az elekt\u00edv\u00a0 illetve az akut [&hellip;]<\/p>\n","protected":false},"author":1,"featured_media":0,"parent":0,"menu_order":0,"comment_status":"closed","ping_status":"closed","template":"","meta":{"_genesis_hide_title":false,"_genesis_hide_breadcrumbs":false,"_genesis_hide_singular_image":false,"_genesis_hide_footer_widgets":false,"_genesis_custom_body_class":"","_genesis_custom_post_class":"","_genesis_layout":"","footnotes":""},"class_list":{"0":"post-3843","1":"page","2":"type-page","3":"status-publish","5":"entry"},"featured_image_src":null,"featured_image_src_square":null,"_links":{"self":[{"href":"https:\/\/siokorhaz.hu\/index.php?rest_route=\/wp\/v2\/pages\/3843","targetHints":{"allow":["GET"]}}],"collection":[{"href":"https:\/\/siokorhaz.hu\/index.php?rest_route=\/wp\/v2\/pages"}],"about":[{"href":"https:\/\/siokorhaz.hu\/index.php?rest_route=\/wp\/v2\/types\/page"}],"author":[{"embeddable":true,"href":"https:\/\/siokorhaz.hu\/index.php?rest_route=\/wp\/v2\/users\/1"}],"replies":[{"embeddable":true,"href":"https:\/\/siokorhaz.hu\/index.php?rest_route=%2Fwp%2Fv2%2Fcomments&post=3843"}],"version-history":[{"count":0,"href":"https:\/\/siokorhaz.hu\/index.php?rest_route=\/wp\/v2\/pages\/3843\/revisions"}],"wp:attachment":[{"href":"https:\/\/siokorhaz.hu\/index.php?rest_route=%2Fwp%2Fv2%2Fmedia&parent=3843"}],"curies":[{"name":"wp","href":"https:\/\/api.w.org\/{rel}","templated":true}]}}