{"id":3590,"date":"2025-01-27T14:39:31","date_gmt":"2025-01-27T13:39:31","guid":{"rendered":"http:\/\/169.254.1.50\/?page_id=3590"},"modified":"2025-05-29T11:49:55","modified_gmt":"2025-05-29T11:49:55","slug":"legfrissebb-tudomanyos-kozlemenyek","status":"publish","type":"page","link":"https:\/\/siokorhaz.hu\/?page_id=3590","title":{"rendered":"Legfrisebb Tudom\u00e1nyos K\u00f6zlem\u00e9nyek"},"content":{"rendered":"<\/p>\n<hr \/>\n<p><strong>Dr. Apanisile Ifeoluwa, f\u00fcl-orr-g\u00e9gegy\u00f3gy\u00e1sz szakorvos<\/strong><\/p>\n<p>Apanisile, I., Ottor, P. A., Demeter, B. &amp; Karosi, T. (2024) Management of Otogenic Brain Abscess: A Case Report and Review of the Literature <em>Otolaryngology: Open Access<\/em> <em>Journal<\/em> 14(6).<\/p>\n<p>DOI: 10.4172\/2161-119X.1000592<\/p>\n\n\n<div class=\"wp-block-group\"><div class=\"wp-block-group__inner-container is-layout-constrained wp-block-group-is-layout-constrained\">\n<div class=\"wp-block-file fa fa-file-pdf-o\"><a id=\"wp-block-file--media-a478eacb-5146-4a3a-a3f9-aa2cc0c4e9f8\" href=\"https:\/\/siokorhaz.hu\/wp-content\/uploads\/2025\/01\/Apanisile_I_Management_of_Otogenic_Brain_Abscess_A_Case_Report_and_Review_of_the_Literature.pdf\">Apanisile_I_Management_of_Otogenic_Brain_Abscess_A_Case_Report_and_Review_of_the_Literature<\/a><\/div>\n<\/div><\/div>\n\n\n<hr \/>\n<p><strong>Dr. Brasny\u00f3 P\u00e1l, belgy\u00f3gy\u00e1sz \u00e9s nefrol\u00f3gus szakorvos<\/strong><\/p>\n<p>Brasny\u00f3, P. (2024) Kr\u00f3nikus vesebetegs\u00e9g kezel\u00e9se \u2013 az SGLT-2-g\u00e1tl\u00e1s alapter\u00e1pia <em>Hypertonia \u00e9s Nephrologia<\/em> 28(5) old. 235-239<\/p>\n<p>DOI: <a href=\"https:\/\/doi.org\/10.33668\/hn.28.028\">https:\/\/doi.org\/10.33668\/hn.28.028<\/a><\/p>\n\n\n<div class=\"wp-block-group\"><div class=\"wp-block-group__inner-container is-layout-constrained wp-block-group-is-layout-constrained\">\n<div class=\"wp-block-file fa fa-file-pdf-o\"><a id=\"wp-block-file--media-1fbcff52-0928-49f1-b04e-5ee7a06a1785\" href=\"https:\/\/siokorhaz.hu\/wp-content\/uploads\/2025\/01\/Brasnyo_P_Kronikus-vesebetegseg-kezelese-az-sglt-2-gatlas-alapterapia-2.pdf\">Brasnyo_P_Kronikus-vesebetegseg-kezelese-az-sglt-2-gatlas-alapterapia-2<\/a><\/div>\n<\/div><\/div>\n\n\n<hr \/>\n<p><strong>Dr. Rucz K\u00e1roly, belgy\u00f3gy\u00e1sz \u00e9s endokrinol\u00f3gus szakorvos<\/strong><\/p>\n<p>Rucz, K., Heged\u0171s, L., Bonnema, S. J., Frasoldati, A., Jambor, L., Kovacs, G. L., Papini, E., Russ, G., Karanyi, Zs., Nagy, E. V., &amp; Solymosi, T. (2024) Echogenicity as a standalone nodule characteristic is not inferior to the TIRADS systems in the 10\u201320 mm nodule diameter range in patient selection for fine needle aspiration: a pilot study <em>European Thyroid Journal<\/em> 13(6).<\/p>\n<p>DOI: <a href=\"https:\/\/doi.org\/10.1530\/ETJ-24-0149\">https:\/\/doi.org\/10.1530\/ETJ-24-0149<\/a><\/p>\n<div class=\"wp-block-file fa fa-file-pdf-o\"><a id=\"wp-block-file--media-301ed479-81ef-48e6-a4bf-3670b8d84cac\" href=\"https:\/\/siokorhaz.hu\/wp-content\/uploads\/2025\/01\/Rucz_K_-Echogenicity_as_a_standalone_nodule_characteristic_is_not_inferior_to_the_TIRADS_systems_in_the_10-20_mm_nodule_diameter_range_in_patient_selection_for_fine_needle_aspiratio.pdf\">Rucz_K_ Echogenicity_as_a_standalone_nodule_characteristic_is_not_inferior_to_the_TIRADS_systems_in_the_10-20_mm_nodule_diameter_range_in_patient_selection_for_fine_needle_aspiratio<\/a><\/div>\n<hr \/>\n<p><strong>Prof. Dr. Simon Korn\u00e9l, belgy\u00f3gy\u00e1sz, kardiol\u00f3gus, aneszteziol\u00f3gus \u00e9s intenz\u00edv ter\u00e1pi\u00e1s szakorvos<\/strong><\/p>\n<ul>\n<li>Simon,\u00a0K., &amp; Czir\u00e1ki,\u00a0A. (2024) The interrelationship between blood glucose values and cellular metabolism: A review. <em>Medicine and Medical Research: New Perspectives Vol. 9<\/em>, 50-72.<\/li>\n<\/ul>\n<p>DOI: <a href=\"https:\/\/doi.org\/10.9734\/bpi\/mmrnp\/v9\/2498\">https:\/\/doi.org\/10.9734\/bpi\/mmrnp\/v9\/2498<\/a><\/p>\n<p><a href=\"https:\/\/stm.bookpi.org\/MMRNP-V9\/article\/view\/15994\">https:\/\/stm.bookpi.org\/MMRNP-V9\/article\/view\/15994<\/a><\/p>\n<ul>\n<li>Simon, K., &amp; Czir\u00e1ki, A. (2024) Additional Arguments against the Correlation Between Blood Glucose Values and Cellular Metabolism <em>Journal of Metabolic Disorders and Diabetes <\/em>2(104), old. 1-17<\/li>\n<\/ul>\n<p>DOI:\u00a0https:\/\/www.siokorhaz.hu\/files\/pdf\/SimonK.pdf<\/p>\n\n\n<div class=\"wp-block-group\"><div class=\"wp-block-group__inner-container is-layout-constrained wp-block-group-is-layout-constrained\">\n<div class=\"wp-block-file fa fa-file-pdf-o\"><a id=\"wp-block-file--media-a8f6aece-54dd-4bca-8b08-065a7510d22e\" href=\"https:\/\/siokorhaz.hu\/wp-content\/uploads\/2025\/01\/Simon-K-Additional-Arguments-against-the-Correlation-Between-Blood-Glucose-Values-.pdf\">Simon K Additional Arguments against the Correlation Between Blood Glucose Values<\/a><\/div>\n<\/div><\/div>\n\n\n<hr \/>","protected":false},"excerpt":{"rendered":"<p>Dr. Apanisile Ifeoluwa, f\u00fcl-orr-g\u00e9gegy\u00f3gy\u00e1sz szakorvos Apanisile, I., Ottor, P. A., Demeter, B. &amp; Karosi, T. (2024) Management of Otogenic Brain Abscess: A Case Report and Review of the Literature Otolaryngology: Open Access Journal 14(6). DOI: 10.4172\/2161-119X.1000592 Dr. Brasny\u00f3 P\u00e1l, belgy\u00f3gy\u00e1sz \u00e9s nefrol\u00f3gus szakorvos Brasny\u00f3, P. (2024) Kr\u00f3nikus vesebetegs\u00e9g kezel\u00e9se \u2013 az SGLT-2-g\u00e1tl\u00e1s alapter\u00e1pia Hypertonia \u00e9s [&hellip;]<\/p>\n","protected":false},"author":1,"featured_media":2709,"parent":0,"menu_order":0,"comment_status":"closed","ping_status":"closed","template":"","meta":{"_genesis_hide_title":false,"_genesis_hide_breadcrumbs":false,"_genesis_hide_singular_image":false,"_genesis_hide_footer_widgets":false,"_genesis_custom_body_class":"","_genesis_custom_post_class":"","_genesis_layout":"","footnotes":""},"class_list":{"0":"post-3590","1":"page","2":"type-page","3":"status-publish","4":"has-post-thumbnail","6":"entry"},"featured_image_src":"https:\/\/siokorhaz.hu\/wp-content\/uploads\/2025\/01\/x_IMG_0781-600x400.jpg","featured_image_src_square":"https:\/\/siokorhaz.hu\/wp-content\/uploads\/2025\/01\/x_IMG_0781-600x600.jpg","_links":{"self":[{"href":"https:\/\/siokorhaz.hu\/index.php?rest_route=\/wp\/v2\/pages\/3590","targetHints":{"allow":["GET"]}}],"collection":[{"href":"https:\/\/siokorhaz.hu\/index.php?rest_route=\/wp\/v2\/pages"}],"about":[{"href":"https:\/\/siokorhaz.hu\/index.php?rest_route=\/wp\/v2\/types\/page"}],"author":[{"embeddable":true,"href":"https:\/\/siokorhaz.hu\/index.php?rest_route=\/wp\/v2\/users\/1"}],"replies":[{"embeddable":true,"href":"https:\/\/siokorhaz.hu\/index.php?rest_route=%2Fwp%2Fv2%2Fcomments&post=3590"}],"version-history":[{"count":1,"href":"https:\/\/siokorhaz.hu\/index.php?rest_route=\/wp\/v2\/pages\/3590\/revisions"}],"predecessor-version":[{"id":6215,"href":"https:\/\/siokorhaz.hu\/index.php?rest_route=\/wp\/v2\/pages\/3590\/revisions\/6215"}],"wp:featuredmedia":[{"embeddable":true,"href":"https:\/\/siokorhaz.hu\/index.php?rest_route=\/wp\/v2\/media\/2709"}],"wp:attachment":[{"href":"https:\/\/siokorhaz.hu\/index.php?rest_route=%2Fwp%2Fv2%2Fmedia&parent=3590"}],"curies":[{"name":"wp","href":"https:\/\/api.w.org\/{rel}","templated":true}]}}