{"id":3013,"date":"2025-01-24T08:56:21","date_gmt":"2025-01-24T07:56:21","guid":{"rendered":"http:\/\/169.254.1.50\/?page_id=3013"},"modified":"2025-06-02T12:49:51","modified_gmt":"2025-06-02T12:49:51","slug":"informaciok","status":"publish","type":"page","link":"https:\/\/siokorhaz.hu\/?page_id=3013","title":{"rendered":"Inform\u00e1ci\u00f3k"},"content":{"rendered":"\n\n<section class=\"gb-block-post-grid featuredpost aligncenter\"><div class=\"gb-post-grid-items is-grid columns-2\"><article id=\"post-3063\" class=\"gb-post-grid-item post-3063 post type-post status-publish format-standard has-post-thumbnail category-informaciok entry\"><div class=\"gb-block-post-grid-image\"><a href=\"https:\/\/siokorhaz.hu\/?p=3063\" rel=\"bookmark\" aria-hidden=\"true\" tabindex=\"-1\"><img loading=\"lazy\" decoding=\"async\" width=\"600\" height=\"400\" src=\"https:\/\/siokorhaz.hu\/wp-content\/uploads\/2025\/01\/joeh1410872172.jpg\" class=\"attachment-full size-full\" alt=\"Terhes torna: h\u00e1rom v\u00e1rand\u00f3s n\u0151 j\u00f3g\u00e1zik.\" srcset=\"https:\/\/siokorhaz.hu\/wp-content\/uploads\/2025\/01\/joeh1410872172.jpg 600w, https:\/\/siokorhaz.hu\/wp-content\/uploads\/2025\/01\/joeh1410872172-300x200.jpg 300w\" sizes=\"auto, (max-width: 600px) 100vw, 600px\" \/><\/a><\/div><div class=\"gb-block-post-grid-text\"><header class=\"gb-block-post-grid-header\"><h3 class=\"gb-block-post-grid-title\"><a href=\"https:\/\/siokorhaz.hu\/?p=3063\" rel=\"bookmark\">Kismama torna v\u00e1rand\u00f3soknak<\/a><\/h3><div class=\"gb-block-post-grid-byline\"><time datetime=\"2025-01-24T11:07:46+00:00\" class=\"gb-block-post-grid-date\" itemprop=\"datePublished\">janu\u00e1r 24, 2025<\/time><\/div><\/header><div class=\"gb-block-post-grid-excerpt\"><p>Szakk\u00e9pzett gy\u00f3gytorn\u00e1sz vezet\u00e9s\u00e9vel,h\u00e9tf\u0151n 16 \u00f3r\u00e1t\u00f3l.A v\u00e1rand\u00f3ss\u00e1g 12. het\u00e9t\u0151l,orvosi beleegyez\u00e9ssel.Id\u0151pont egyeztet\u00e9s:06-84-501-796Dr.&hellip;<\/p>\n<p><a class=\"gb-block-post-grid-more-link gb-text-link\" href=\"https:\/\/siokorhaz.hu\/?p=3063\" rel=\"bookmark\">Elolvasom <span class=\"screen-reader-text\">Kismama torna v\u00e1rand\u00f3soknak<\/span><\/a><\/p><\/div><\/div><\/article>\n<article id=\"post-3059\" class=\"gb-post-grid-item post-3059 post type-post status-publish format-standard has-post-thumbnail category-informaciok entry\"><div class=\"gb-block-post-grid-image\"><a href=\"https:\/\/siokorhaz.hu\/?p=3059\" rel=\"bookmark\" aria-hidden=\"true\" tabindex=\"-1\"><img loading=\"lazy\" decoding=\"async\" width=\"600\" height=\"400\" src=\"https:\/\/siokorhaz.hu\/wp-content\/uploads\/2025\/01\/cdgo1385630841.jpg\" class=\"attachment-full size-full\" alt=\"OBDK log\u00f3: z\u00f6ld \u00e9s s\u00f6t\u00e9tz\u00f6ld figur\u00e1k, eg\u00e9szs\u00e9g\u00fcgyi int\u00e9zm\u00e9ny embl\u00e9m\u00e1ja\" srcset=\"https:\/\/siokorhaz.hu\/wp-content\/uploads\/2025\/01\/cdgo1385630841.jpg 600w, https:\/\/siokorhaz.hu\/wp-content\/uploads\/2025\/01\/cdgo1385630841-300x200.jpg 300w\" sizes=\"auto, (max-width: 600px) 100vw, 600px\" \/><\/a><\/div><div class=\"gb-block-post-grid-text\"><header class=\"gb-block-post-grid-header\"><h3 class=\"gb-block-post-grid-title\"><a href=\"https:\/\/siokorhaz.hu\/?p=3059\" rel=\"bookmark\">Betegjogi k\u00e9pvisel\u0151\u00a0<\/a><\/h3><div class=\"gb-block-post-grid-byline\"><time datetime=\"2025-01-24T11:01:18+00:00\" class=\"gb-block-post-grid-date\" itemprop=\"datePublished\">janu\u00e1r 24, 2025<\/time><\/div><\/header><div class=\"gb-block-post-grid-excerpt\"><p>Az int\u00e9zm\u00e9nyben az \u00d6n ter\u00fcletileg illet\u00e9kesbetegjogi k\u00e9pvisel\u0151je:Dr. T\u00f6rzs\u00f6kn\u00e9 Csap Klaudia&hellip;<\/p>\n<p><a class=\"gb-block-post-grid-more-link gb-text-link\" href=\"https:\/\/siokorhaz.hu\/?p=3059\" rel=\"bookmark\">Elolvasom <span class=\"screen-reader-text\">Betegjogi k\u00e9pvisel\u0151\u00a0<\/span><\/a><\/p><\/div><\/div><\/article>\n<article id=\"post-3056\" class=\"gb-post-grid-item post-3056 post type-post status-publish format-standard has-post-thumbnail category-informaciok entry\"><div class=\"gb-block-post-grid-image\"><a href=\"https:\/\/siokorhaz.hu\/?p=3056\" rel=\"bookmark\" aria-hidden=\"true\" tabindex=\"-1\"><img loading=\"lazy\" decoding=\"async\" width=\"600\" height=\"400\" src=\"https:\/\/siokorhaz.hu\/wp-content\/uploads\/2025\/01\/cdgo1385630841.jpg\" class=\"attachment-full size-full\" alt=\"OBDK log\u00f3: z\u00f6ld \u00e9s s\u00f6t\u00e9tz\u00f6ld figur\u00e1k, eg\u00e9szs\u00e9g\u00fcgyi int\u00e9zm\u00e9ny embl\u00e9m\u00e1ja\" srcset=\"https:\/\/siokorhaz.hu\/wp-content\/uploads\/2025\/01\/cdgo1385630841.jpg 600w, https:\/\/siokorhaz.hu\/wp-content\/uploads\/2025\/01\/cdgo1385630841-300x200.jpg 300w\" sizes=\"auto, (max-width: 600px) 100vw, 600px\" \/><\/a><\/div><div class=\"gb-block-post-grid-text\"><header class=\"gb-block-post-grid-header\"><h3 class=\"gb-block-post-grid-title\"><a href=\"https:\/\/siokorhaz.hu\/?p=3056\" rel=\"bookmark\">Hat\u00e1ron \u00e1tny\u00fal\u00f3 eg\u00e9szs\u00e9g\u00fcgyi ell\u00e1t\u00e1s az Eur\u00f3pai \u00dani\u00f3ban<\/a><\/h3><div class=\"gb-block-post-grid-byline\"><time datetime=\"2025-01-24T10:53:40+00:00\" class=\"gb-block-post-grid-date\" itemprop=\"datePublished\">janu\u00e1r 24, 2025<\/time><\/div><\/header><div class=\"gb-block-post-grid-excerpt\"><p>A Nemzeti Kapcsolattart\u00f3 Pont el\u00e9rhet\u0151s\u00e9gei Belf\u00f6ldr\u0151l ingyenesen h\u00edvhat\u00f3 telefonsz\u00e1m: 06-80-620-600&hellip;<\/p>\n<p><a class=\"gb-block-post-grid-more-link gb-text-link\" href=\"https:\/\/siokorhaz.hu\/?p=3056\" rel=\"bookmark\">Elolvasom <span class=\"screen-reader-text\">Hat\u00e1ron \u00e1tny\u00fal\u00f3 eg\u00e9szs\u00e9g\u00fcgyi ell\u00e1t\u00e1s az Eur\u00f3pai \u00dani\u00f3ban<\/span><\/a><\/p><\/div><\/div><\/article>\n<article id=\"post-3042\" class=\"gb-post-grid-item post-3042 post type-post status-publish format-standard has-post-thumbnail category-informaciok entry\"><div class=\"gb-block-post-grid-image\"><a href=\"https:\/\/siokorhaz.hu\/?p=3042\" rel=\"bookmark\" aria-hidden=\"true\" tabindex=\"-1\"><img loading=\"lazy\" decoding=\"async\" width=\"720\" height=\"425\" src=\"https:\/\/siokorhaz.hu\/wp-content\/uploads\/2025\/01\/wlrs1409303605.jpg\" class=\"attachment-full size-full\" alt=\"K\u00f6zeli k\u00e9p egy emberi szemen, hangs\u00falyozva a szempill\u00e1kat \u00e9s az \u00edriszt.\" srcset=\"https:\/\/siokorhaz.hu\/wp-content\/uploads\/2025\/01\/wlrs1409303605.jpg 720w, https:\/\/siokorhaz.hu\/wp-content\/uploads\/2025\/01\/wlrs1409303605-300x177.jpg 300w\" sizes=\"auto, (max-width: 720px) 100vw, 720px\" \/><\/a><\/div><div class=\"gb-block-post-grid-text\"><header class=\"gb-block-post-grid-header\"><h3 class=\"gb-block-post-grid-title\"><a href=\"https:\/\/siokorhaz.hu\/?p=3042\" rel=\"bookmark\">Betegt\u00e1j\u00e9koztat\u00f3 az egynapos sz\u00fcrkeh\u00e1lyog m\u0171t\u00e9tekr\u0151l<\/a><\/h3><div class=\"gb-block-post-grid-byline\"><time datetime=\"2025-01-24T09:44:47+00:00\" class=\"gb-block-post-grid-date\" itemprop=\"datePublished\">janu\u00e1r 24, 2025<\/time><\/div><\/header><div class=\"gb-block-post-grid-excerpt\"><p>A sz\u00fcrkeh\u00e1lyog seb\u00e9szetben a m\u0171t\u00e9ti technika fejl\u0151d\u00e9se lehet\u0151v\u00e9 tette, hogy&hellip;<\/p>\n<p><a class=\"gb-block-post-grid-more-link gb-text-link\" href=\"https:\/\/siokorhaz.hu\/?p=3042\" rel=\"bookmark\">Elolvasom <span class=\"screen-reader-text\">Betegt\u00e1j\u00e9koztat\u00f3 az egynapos sz\u00fcrkeh\u00e1lyog m\u0171t\u00e9tekr\u0151l<\/span><\/a><\/p><\/div><\/div><\/article>\n<article id=\"post-3018\" class=\"gb-post-grid-item post-3018 post type-post status-publish format-standard has-post-thumbnail category-informaciok entry\"><div class=\"gb-block-post-grid-image\"><a href=\"https:\/\/siokorhaz.hu\/?p=3018\" rel=\"bookmark\" aria-hidden=\"true\" tabindex=\"-1\"><img loading=\"lazy\" decoding=\"async\" width=\"600\" height=\"400\" src=\"https:\/\/siokorhaz.hu\/wp-content\/uploads\/2025\/01\/coek1409303123.jpg\" class=\"attachment-full size-full\" alt=\"K\u00e1rty\u00e1s fizet\u00e9s k\u00f3rh\u00e1zi gy\u00f3gyszert\u00e1rban.\" srcset=\"https:\/\/siokorhaz.hu\/wp-content\/uploads\/2025\/01\/coek1409303123.jpg 600w, https:\/\/siokorhaz.hu\/wp-content\/uploads\/2025\/01\/coek1409303123-300x200.jpg 300w\" sizes=\"auto, (max-width: 600px) 100vw, 600px\" \/><\/a><\/div><div class=\"gb-block-post-grid-text\"><header class=\"gb-block-post-grid-header\"><h3 class=\"gb-block-post-grid-title\"><a href=\"https:\/\/siokorhaz.hu\/?p=3018\" rel=\"bookmark\">T\u00e9r\u00edt\u00e9si d\u00edj szab\u00e1lyzat<\/a><\/h3><div class=\"gb-block-post-grid-byline\"><time datetime=\"2025-01-24T09:00:12+00:00\" class=\"gb-block-post-grid-date\" itemprop=\"datePublished\">janu\u00e1r 24, 2025<\/time><\/div><\/header><div class=\"gb-block-post-grid-excerpt\"><p>Az al\u00e1bbi linkre kattintva let\u00f6ltheti a k\u00f3rh\u00e1z fenntart\u00f3ja \u00e1ltal j\u00f3v\u00e1hagyott&hellip;<\/p>\n<p><a class=\"gb-block-post-grid-more-link gb-text-link\" href=\"https:\/\/siokorhaz.hu\/?p=3018\" rel=\"bookmark\">Elolvasom <span class=\"screen-reader-text\">T\u00e9r\u00edt\u00e9si d\u00edj szab\u00e1lyzat<\/span><\/a><\/p><\/div><\/div><\/article>\n<\/div><\/section>","protected":false},"excerpt":{"rendered":"","protected":false},"author":1,"featured_media":0,"parent":0,"menu_order":0,"comment_status":"closed","ping_status":"closed","template":"","meta":{"_genesis_hide_title":false,"_genesis_hide_breadcrumbs":false,"_genesis_hide_singular_image":false,"_genesis_hide_footer_widgets":false,"_genesis_custom_body_class":"","_genesis_custom_post_class":"","_genesis_layout":"","footnotes":""},"class_list":{"0":"post-3013","1":"page","2":"type-page","3":"status-publish","5":"entry"},"featured_image_src":null,"featured_image_src_square":null,"_links":{"self":[{"href":"https:\/\/siokorhaz.hu\/index.php?rest_route=\/wp\/v2\/pages\/3013","targetHints":{"allow":["GET"]}}],"collection":[{"href":"https:\/\/siokorhaz.hu\/index.php?rest_route=\/wp\/v2\/pages"}],"about":[{"href":"https:\/\/siokorhaz.hu\/index.php?rest_route=\/wp\/v2\/types\/page"}],"author":[{"embeddable":true,"href":"https:\/\/siokorhaz.hu\/index.php?rest_route=\/wp\/v2\/users\/1"}],"replies":[{"embeddable":true,"href":"https:\/\/siokorhaz.hu\/index.php?rest_route=%2Fwp%2Fv2%2Fcomments&post=3013"}],"version-history":[{"count":1,"href":"https:\/\/siokorhaz.hu\/index.php?rest_route=\/wp\/v2\/pages\/3013\/revisions"}],"predecessor-version":[{"id":6399,"href":"https:\/\/siokorhaz.hu\/index.php?rest_route=\/wp\/v2\/pages\/3013\/revisions\/6399"}],"wp:attachment":[{"href":"https:\/\/siokorhaz.hu\/index.php?rest_route=%2Fwp%2Fv2%2Fmedia&parent=3013"}],"curies":[{"name":"wp","href":"https:\/\/api.w.org\/{rel}","templated":true}]}}